{"id":17465,"date":"2025-10-08T11:40:28","date_gmt":"2025-10-08T17:40:28","guid":{"rendered":"https:\/\/portal.fgeo.gob.mx\/?page_id=17465"},"modified":"2025-11-28T11:29:51","modified_gmt":"2025-11-28T17:29:51","slug":"dnol-personas-desaparecidas","status":"publish","type":"page","link":"https:\/\/portal.fgeo.gob.mx\/index.php\/dnol-personas-desaparecidas","title":{"rendered":"DNOL &#8211; Personas Desaparecidas"},"content":{"rendered":"\t\t<div data-elementor-type=\"wp-page\" data-elementor-id=\"17465\" class=\"elementor elementor-17465\">\n\t\t\t\t<div class=\"elementor-element elementor-element-9f9c87e e-flex e-con-boxed e-con e-parent\" data-id=\"9f9c87e\" data-element_type=\"container\" data-e-type=\"container\">\n\t\t\t\t\t<div class=\"e-con-inner\">\n\t\t\t\t<div class=\"elementor-element elementor-element-e934890 elementor-widget elementor-widget-html\" data-id=\"e934890\" data-element_type=\"widget\" data-e-type=\"widget\" data-widget_type=\"html.default\">\n\t\t\t\t<div class=\"elementor-widget-container\">\n\t\t\t\t\t<p class=\"title\">DNOL - PERSONAS DESAPARECIDAS<\/p>\n<style>\n     .title {\n      font-weight: bold;\n      font-family: 'Titillium web', sans-serif;\n      color: rgb(58,89,158) !important;\n      text-shadow: 2px 5px 5px rgba(0, 0, 0, 0.3);\n      font-size: 45px;\n      text-align: center; \n    }\n\n<\/style>\t\t\t\t<\/div>\n\t\t\t\t<\/div>\n\t\t\t\t\t<\/div>\n\t\t\t\t<\/div>\n\t\t<div class=\"elementor-element elementor-element-cc4fc43 e-flex e-con-boxed e-con e-parent\" data-id=\"cc4fc43\" data-element_type=\"container\" data-e-type=\"container\">\n\t\t\t\t\t<div class=\"e-con-inner\">\n\t\t\t\t<div class=\"elementor-element elementor-element-8e737fb elementor-widget elementor-widget-html\" data-id=\"8e737fb\" data-element_type=\"widget\" data-e-type=\"widget\" data-widget_type=\"html.default\">\n\t\t\t\t<div class=\"elementor-widget-container\">\n\t\t\t\t\t<div class=\"c-personas-desaparecidas d-flex flex-wrap justify-content-center gap-3 row\"><div class=\"card col-sm-3 col-md-2\"><div class=\"card-header\"><img decoding=\"async\" src=\"https:\/\/portal.fgeo.gob.mx\/minio\/pagina\/wp-content\/uploads\/2022\/04\/RENE-ALEJANDRO-CRUZ-ESTEBAN.jpg\" class=\"img-fluid\" alt=\"Imagen de REN\u00c9 ALEJANDRO CRUZ ESTEBAN\"><\/div><div class=\"card-body\"><h6 class=\"card-title\">REN\u00c9 ALEJANDRO CRUZ ESTEBAN<\/h6><button class=\"btn btn-primary ver-mas\" \n\t\t\t\tdata-title=\"REN\u00c9 ALEJANDRO CRUZ ESTEBAN\" \n\t\t\t\tdata-img=\"https:\/\/portal.fgeo.gob.mx\/minio\/pagina\/wp-content\/uploads\/2022\/04\/RENE-ALEJANDRO-CRUZ-ESTEBAN.jpg\" \n\t\t\t\tdata-content=\"&lt;strong&gt;EDAD: 26 A\u00d1OS, AL MOMENTO DE SU AUSENCIA.&lt;\/strong&gt;\n\n&lt;strong&gt;FUE VISTO POR \u00daLTIMA VEZ: EL D\u00cdA 01 DE SEPTIEMBRE DE 2017, EN SANTA ROSA PANZACOLA, OAXACA DE JU\u00c1REZ, OAXACA.&lt;\/strong&gt;\n\n&lt;strong&gt;SE\u00d1A PARTICULAR: LUNAR EN HOMBRO IZQUIERDO&lt;\/strong&gt;&lt;strong&gt;. &lt;\/strong&gt;\n\n&lt;strong&gt;ROPA QUE VEST\u00cdA: PLAYERA COLOR ROJO, PANTAL\u00d3N DE MEZCLILLA COLOR AZUL Y CALZA ZAPATOS DE GAMUZA COLOR CAF\u00c9.&lt;\/strong&gt;\n\n&lt;strong&gt;MEDIA FILIACI\u00d3N: COMPLEXI\u00d3N REGULAR, ESTATURA APROXIMADA 1.80 METROS, TEZ MORENA CLARA, CARA REDONDA, FRENTE MEDIANA, CEJAS POBLADAS, OJOS MEDIANOS DE IRIS COLOR CAF\u00c9 OBSCURO, NARIZ MEDIANA DE BASE ANCHA, BOCA MEDIANA, LABIOS SEMIGRUESOS, MENT\u00d3N OVALADO Y CABELLO LACIO, CON CORTO Y COLOR NEGRO&lt;\/strong&gt;&lt;strong&gt;.&lt;\/strong&gt;\n\n&nbsp;\"\n\t\t\t\t>Ver m\u00e1s\n\t\t\t<\/button><\/div><\/div><div class=\"card col-sm-3 col-md-2\"><div class=\"card-header\"><img decoding=\"async\" src=\"https:\/\/portal.fgeo.gob.mx\/minio\/pagina\/wp-content\/uploads\/2025\/10\/ANGEL-AUGUSTO-GUEVARA.jpg\" class=\"img-fluid\" alt=\"Imagen de \u00c1NGEL AUGUSTO GUEVARA PATI\u00d1O\"><\/div><div class=\"card-body\"><h6 class=\"card-title\">\u00c1NGEL AUGUSTO GUEVARA PATI\u00d1O<\/h6><button class=\"btn btn-primary ver-mas\" \n\t\t\t\tdata-title=\"\u00c1NGEL AUGUSTO GUEVARA PATI\u00d1O\" \n\t\t\t\tdata-img=\"https:\/\/portal.fgeo.gob.mx\/minio\/pagina\/wp-content\/uploads\/2025\/10\/ANGEL-AUGUSTO-GUEVARA.jpg\" \n\t\t\t\tdata-content=\"&lt;strong&gt;NOMBRE:&lt;\/strong&gt; &lt;strong&gt;\u00c1NGEL AUGUSTO GUEVARA PATI\u00d1O&lt;\/strong&gt;&lt;strong&gt;.&lt;\/strong&gt;\n\n&lt;strong&gt;EDAD: 26 A\u00d1OS. &lt;\/strong&gt;\n\n&lt;strong&gt;FUE VISTO POR \u00daLTIMA VEZ: EL D\u00cdA 16 DE FEBRERO DE 2022, EN OCOTL\u00c1N DE MORELOS, OAXACA, A BORDO DE UNA MOTOCICLETA MARCA ITALIKA DE COLOR AZUL CON NEGRO Y VERDE.&lt;\/strong&gt;\n\n&lt;strong&gt;ROPA QUE VISTE: SUDADERA, PANTAL\u00d3N DE MEZCLILLA COLOR AZUL, CALZA TENIS MARCA PIRMA DE COLOR NEGRO CON SUELA COLOR BLANCA Y CASCO DE MOTOCICLISTA COLOR NEGRO CON LUZ LED EN LA PARTE POSTERIOR.&lt;\/strong&gt;\n\n&lt;strong&gt;EN EL BRAZO IZQUIERDO TIENE LOS OJOS DE UNA NI\u00d1A Y DEBAJO EL NOMBRE \u201cVALERIA\u201d, UNAS ROSAS Y\u00a0 EN MEDIO LA CARA DE UN LE\u00d3N Y A UN COSTADO UNA BR\u00daJULA, UN M\u00c1NDALA, UNA NOTA MUSICAL Y OTRAS FIGURAS; EN EL LADO DERECHO DEL CUELLO TIENE LA PALABRA \u201cRESILIENCIA\u201d, UN CORAZ\u00d3N Y LETRAS \u201cS\u201d Y \u201cV\u201d, EN EL COSTADO DERECHO, A LA ALTURA DE SUS COSTILLAS, LA FIGURA DE UN SOL Y LA LETRA \u201cV\u201d; DEBAJO DE LA NUCA, LA BANDERA DE COLOMBIA CON LA LEYENDA \u201cMADE IN COLOMBIA\u201d Y UNA FECHA EN N\u00daMEROS ROMANOS, LUNAR EN EL P\u00d3MULO IZQUIERDO CERA DE LA NARIZ; EN LOS NUDILLOS DE AMBAS MANOS TIENE CALLOSIDADES Y CICATRIZ EN EL DEDO \u00cdNDICE DERECHO &lt;\/strong&gt;\n\n&lt;strong&gt;MEDIA FILIACI\u00d3N: COMPLEXI\u00d3N ROBUSTA, MIDE 1.78 METROS, TEZ BLANCA, CARA REDONDA, FRENTE MEDIANA, CEJAS SEMIPOBLADAS, OJOS GRANDES, DE IRIS DE LOS OJOS COLOR CAF\u00c9 CLARO, NARIZ MEDIANA CON BASE ANCHA, BOCA PEQUE\u00d1A, LABIOS DELGADOS, MENT\u00d3N OVALADO Y CABELLO TIPO LACIO, COLOR NEGRO Y CORTO.&lt;\/strong&gt;\n\n&nbsp;\"\n\t\t\t\t>Ver m\u00e1s\n\t\t\t<\/button><\/div><\/div><div class=\"card col-sm-3 col-md-2\"><div class=\"card-header\"><img decoding=\"async\" src=\"https:\/\/portal.fgeo.gob.mx\/minio\/pagina\/wp-content\/uploads\/2022\/03\/Israel-Lagunes-Monjaras.jpg\" class=\"img-fluid\" alt=\"Imagen de ISRAEL LAGUN\u00c9S MONJAR\u00c1S\"><\/div><div class=\"card-body\"><h6 class=\"card-title\">ISRAEL LAGUN\u00c9S MONJAR\u00c1S<\/h6><button class=\"btn btn-primary ver-mas\" \n\t\t\t\tdata-title=\"ISRAEL LAGUN\u00c9S MONJAR\u00c1S\" \n\t\t\t\tdata-img=\"https:\/\/portal.fgeo.gob.mx\/minio\/pagina\/wp-content\/uploads\/2022\/03\/Israel-Lagunes-Monjaras.jpg\" \n\t\t\t\tdata-content=\"&lt;strong&gt;NOMBRE:&lt;\/strong&gt; &lt;strong&gt;ISRAEL LAGUN\u00c9S MONJAR\u00c1S.&lt;\/strong&gt;\r\n\r\n&lt;strong&gt;EDAD: 24 A\u00d1OS.\u00a0\u00a0 &lt;\/strong&gt;\r\n\r\n&lt;strong&gt;FUE VISTO POR \u00daLTIMA VEZ: EL D\u00cdA 11 DE MARZO DE 2022, EN LA COLONIA GUADALUPE HINOJOSA, LOMA BONITA, TUXTEPEC, &lt;\/strong&gt;&lt;strong&gt;OAXACA. &lt;\/strong&gt;\r\n\r\n&lt;strong&gt;SE\u00d1AS PARTICULARES: TIENE DIVERSOS TATUAJES, EN EL CUELLO, LA FIGURA DE UNA CORONA; EN EL BRAZO DERECHO, LA LEYENDA \u201cTIAGO\u201d; EN EL COSTADO DERECHO, A LA ALTURA DE LAS COSTILLAS, TIENE UNA LEYENDA; EN LA PANTORRILLA DERECHA, TIENE LA FIGURA DE UN DULCE CON FORMA DE CALAVERA; Y EN LA PANTORRILLA IZQUIERDA, LA FIGURA DE UNA PI\u00d1A; TIENE UNA CICATRIZ EN LA BASE DEL CUELLO Y OTRA CICATRIZ DE APROXIMADAMENTE 05 CENT\u00cdMETROS EN LA PARTE TRASERA DE LA CABEZA.\u00a0 &lt;\/strong&gt;\r\n\r\n&lt;strong&gt;ROPA QUE VISTE: PLAYERA COLOR BLANCA, SHORT CON BOLSAS COLOR AZUL Y CALZA TENIS COLOR BLANCO.\u00a0\u00a0\u00a0\u00a0\u00a0\u00a0\u00a0\u00a0 &lt;\/strong&gt;\r\n\r\n&lt;strong&gt;MEDIA FILIACI\u00d3N: COMPLEXI\u00d3N REGULAR, ESTATURA APROXIMADA 1.70 METROS, TEZ MORENA CLARA, CARA OVALADA, FRENTE MEDIANA, CEJAS SEMIPOBLADAS, OJOS MEDIANOS, DE IRIS DE COLOR CAF\u00c9 CLARO, NARIZ MEDIANA, BOCA MEDIANA, LABIOS SEMIGRUESOS, MENT\u00d3N OVALADO Y CABELLO RIZADO, CORTO Y DE COLOR NEGRO Y BARBA Y BIGOTE ESCASO.&lt;\/strong&gt;\"\n\t\t\t\t>Ver m\u00e1s\n\t\t\t<\/button><\/div><\/div><div class=\"card col-sm-3 col-md-2\"><div class=\"card-header\"><img decoding=\"async\" src=\"https:\/\/portal.fgeo.gob.mx\/minio\/pagina\/wp-content\/uploads\/2025\/10\/JESUS-ALEJANDRO-GONZALEZ-GOMEZ.jpg\" class=\"img-fluid\" alt=\"Imagen de JES\u00daS ALEJANDRO GONZ\u00c1LEZ G\u00d3MEZ\"><\/div><div class=\"card-body\"><h6 class=\"card-title\">JES\u00daS ALEJANDRO GONZ\u00c1LEZ G\u00d3MEZ<\/h6><button class=\"btn btn-primary ver-mas\" \n\t\t\t\tdata-title=\"JES\u00daS ALEJANDRO GONZ\u00c1LEZ G\u00d3MEZ\" \n\t\t\t\tdata-img=\"https:\/\/portal.fgeo.gob.mx\/minio\/pagina\/wp-content\/uploads\/2025\/10\/JESUS-ALEJANDRO-GONZALEZ-GOMEZ.jpg\" \n\t\t\t\tdata-content=\"&lt;strong&gt;NOMBRE: JES\u00daS ALEJANDRO GONZ\u00c1LEZ G\u00d3MEZ.&lt;\/strong&gt;\n\n&lt;strong&gt;EDAD: 36 A\u00d1OS&lt;\/strong&gt;\n\n&lt;strong&gt;FUE VISTO POR \u00daLTIMA VEZ: EL D\u00cdA 24 DE ENERO DE 2022, EN LA COLONIA ADOLFO L\u00d3PEZ MATEOS, OAXACA DE JU\u00c1REZ, OAXACA. &lt;\/strong&gt;\n\n&lt;strong&gt;SE\u00d1AS PARTICULARES: TIENE UN LUNAR EN LA PARTE FRONTAL DEL CUELLO; AUSENCIA DE UN DIENTE INCISIVO SUPERIOR Y PEQUE\u00d1A MANCHA COLOR CAF\u00c9 UBICADA EN LA CEJA IZQUIERDA, CERCA DEL SIEN.&lt;\/strong&gt;\n\n&lt;strong&gt;ROPA QUE VISTE: SUDADERA COLOR NEGRA, CON GORRO, MARCA ADIDAS; PLAYERA COLOR AZUL OPACO MARCA POLO, LA CUAL TIENE UNA LETRA \u201cC\u201d DE COLOR BLANCO EN UNA DE SUS MANGAS; BERMUDA COLOR BEIGE CON BOLSAS A LOS COSTADOS Y TENIS COLOR AZUL MARINO Y GORRA DE COLOR NEGRA CON GRIS&lt;\/strong&gt;\n\n&lt;strong&gt;MEDIA FILIACI\u00d3N: COMPLEXI\u00d3N ROBUSTA, ESTATURA APROXIMADA 1.58 METROS, TEZ MORENA CLARA, CARA OVALADA, FRENTE AMPLIA, CEJAS SEMIPOBLADAS, OJOS GRANDES, DE IRIS COLOR CAF\u00c9 OSCURO, NARIZ GRANDE, DE BASE AMPLIA, BOCA GRANDE, LABIOS SEMIGRUESOS, MENT\u00d3N OVALADO Y CABELLO LACIO, CORTO Y DE COLOR NEGRO.&lt;\/strong&gt;\n\n&nbsp;\"\n\t\t\t\t>Ver m\u00e1s\n\t\t\t<\/button><\/div><\/div><div class=\"card col-sm-3 col-md-2\"><div class=\"card-header\"><img decoding=\"async\" src=\"https:\/\/portal.fgeo.gob.mx\/minio\/pagina\/wp-content\/uploads\/2025\/10\/EMMANUEL-GARCIA-GUTIERREZ.jpg\" class=\"img-fluid\" alt=\"Imagen de EMMANUEL GARC\u00cdA GUTI\u00c9RREZ\"><\/div><div class=\"card-body\"><h6 class=\"card-title\">EMMANUEL GARC\u00cdA GUTI\u00c9RREZ<\/h6><button class=\"btn btn-primary ver-mas\" \n\t\t\t\tdata-title=\"EMMANUEL GARC\u00cdA GUTI\u00c9RREZ\" \n\t\t\t\tdata-img=\"https:\/\/portal.fgeo.gob.mx\/minio\/pagina\/wp-content\/uploads\/2025\/10\/EMMANUEL-GARCIA-GUTIERREZ.jpg\" \n\t\t\t\tdata-content=\"&lt;strong&gt;NOMBRE: EMMANUEL GARC\u00cdA GUTI\u00c9RREZ.&lt;\/strong&gt;\n\n&lt;strong&gt;EDAD: 29 A\u00d1OS&lt;\/strong&gt;\n\n&lt;strong&gt;FUE VISTO POR \u00daLTIMA VEZ: EL D\u00cdA 10 DE OCTUBRE DE 2021, EN LA VILLA DE ZAACHILA, OAXACA. &lt;\/strong&gt;\n\n&lt;strong&gt;SE\u00d1AS PARTICULARES: TIENE DIVERSOS &lt;\/strong&gt;&lt;strong&gt;TATUAJES, EN EL BRAZO IZQUIERDO LA FIGURA DE LA SANTA MUERTE, EN EL ANTEBRAZO IZQUIERDO EL NOMBRE DE \u201cJHOSIEL\u201d, EN EL BRAZO DERECHO LA LEYENDA \u201cEMMANUEL JUNIOR\u201d, EN MANUSCRITA; TIENE UNA CICATRIZ EN CADA UNO DE LOS PECTORALES; UNA CICATRIZ EN EL EST\u00d3MAGO, EN SU COSTADO DERECHO Y \u00a0OTRA EN LA PARTE BAJA&lt;\/strong&gt;&lt;strong&gt;. &lt;\/strong&gt;\n\n&lt;strong&gt;ROPA QUE VEST\u00cdA:&lt;\/strong&gt; &lt;strong&gt;PLAYERA TIPO POLO COLOR GRIS CON LETRAS color ROJA, PANTAL\u00d3N DE MEZCLILLA DESLAVADO COLOR NEGRO Y CALZA TENIS COLOR NEGRO&lt;\/strong&gt;&lt;strong&gt;.\u00a0\u00a0\u00a0\u00a0\u00a0 &lt;\/strong&gt;\n\n&lt;strong&gt;\u00a0&lt;\/strong&gt;\n\n&lt;strong&gt;MEDIA FILIACI\u00d3N: COMPLEXI\u00d3N OBESA, ESTATURA APROXIMADA 1.50 METROS, TEZ CLARA, CARA REDONDA, &lt;\/strong&gt;&lt;strong&gt;FRENTE AMPLIA, CEJAS POBLADAS, OJOS GRANDES, DE IRIS COLOR CAF\u00c9 CLARO, NARIZ GRANDE, DE BASE ANCHA, BOCA GRANDE, LABIOS GRUESOS, MENT\u00d3N REDONDO Y CABELLO LACIO, CORTO Y DE COLOR NEGRO.&lt;\/strong&gt;\n\n&nbsp;\"\n\t\t\t\t>Ver m\u00e1s\n\t\t\t<\/button><\/div><\/div><div class=\"card col-sm-3 col-md-2\"><div class=\"card-header\"><img decoding=\"async\" src=\"https:\/\/portal.fgeo.gob.mx\/minio\/pagina\/wp-content\/uploads\/2021\/08\/JUVENTINO-CRUZ-CRUZ.jpg\" class=\"img-fluid\" alt=\"Imagen de JUVENTINO CRUZ CRUZ\"><\/div><div class=\"card-body\"><h6 class=\"card-title\">JUVENTINO CRUZ CRUZ<\/h6><button class=\"btn btn-primary ver-mas\" \n\t\t\t\tdata-title=\"JUVENTINO CRUZ CRUZ\" \n\t\t\t\tdata-img=\"https:\/\/portal.fgeo.gob.mx\/minio\/pagina\/wp-content\/uploads\/2021\/08\/JUVENTINO-CRUZ-CRUZ.jpg\" \n\t\t\t\tdata-content=\"&lt;strong&gt;NOMBRE:&lt;\/strong&gt; &lt;strong&gt;JUVENTINO CRUZ CRUZ.&lt;\/strong&gt;\n\n&lt;strong&gt;EDAD: 35 A\u00d1OS. &lt;\/strong&gt;\n\n&lt;strong&gt;FUE VISTO POR \u00daLTIMA VEZ: EL D\u00cdA 21 DE AGOSTO DE 2021, EN AVENIDA FERROCARRIL, EN LA CIUDAD DE OAXACA.&lt;\/strong&gt;\n\n&lt;strong&gt;SE\u00d1AS PARTICULAR:&lt;\/strong&gt; &lt;strong&gt;02 &lt;\/strong&gt;&lt;strong&gt;CICATRICES EN EL LADO DERECHO DE LA CABEZA, ATR\u00c1S DE LA OREJA, TATUAJE EN TINTA COLOR NEGRA DE UNA CALAVERA EN LA PANTORRILLA DERECHA, TATUAJE EN TINTA NEGRA EN EL PECHO DEL LADO IZQUIERDO DE UNA IMAGEN CON EL S\u00cdMBOLO DE INFINITO Y TATUAJE ALREDEDOR DEL CUELLO DE LA LEYENDA \u201cFAMILIA\u201d&lt;\/strong&gt;&lt;strong&gt;. &lt;\/strong&gt;\n\n&lt;strong&gt;ROPA QUE VEST\u00cdA: &lt;\/strong&gt;&lt;strong&gt;PANTAL\u00d3N DE MEZCLILLA DE COLOR AZUL, PLAYERA, TENIS DE COLOR BLANCO Y CADENAS GRUESAS DE PLATA CON DIJE DE LA SANTA MUERTE.&lt;\/strong&gt;\n\n&lt;strong&gt;\u00a0&lt;\/strong&gt;\n\n&lt;strong&gt;MEDIA FILIACI\u00d3N: COMPLEXI\u00d3N DELGADA, ESTATURA APROXIMADA 1.72 METROS, TEZ MORENA, CARA OVALADA, FRENTE MEDIANA, CEJAS SEMI POBLADAS, OJOS MEDIANOS, DE IRIS COLOR CAF\u00c9 OSCURO, NARIZ MEDIANA, BASE DELGADA, BOCA MEDIANA, LABIOS GRUESOS, MENT\u00d3N OVALADO, CABELLO LACIO, COLOR NEGRO Y CORTO. &lt;\/strong&gt;\"\n\t\t\t\t>Ver m\u00e1s\n\t\t\t<\/button><\/div><\/div><div class=\"card col-sm-3 col-md-2\"><div class=\"card-header\"><img decoding=\"async\" src=\"https:\/\/portal.fgeo.gob.mx\/minio\/pagina\/wp-content\/uploads\/2021\/05\/David-Concha-Suarez.jpg\" class=\"img-fluid\" alt=\"Imagen de DAVID CONCHA SU\u00c1REZ\"><\/div><div class=\"card-body\"><h6 class=\"card-title\">DAVID CONCHA SU\u00c1REZ<\/h6><button class=\"btn btn-primary ver-mas\" \n\t\t\t\tdata-title=\"DAVID CONCHA SU\u00c1REZ\" \n\t\t\t\tdata-img=\"https:\/\/portal.fgeo.gob.mx\/minio\/pagina\/wp-content\/uploads\/2021\/05\/David-Concha-Suarez.jpg\" \n\t\t\t\tdata-content=\"&lt;strong&gt;NOMBRE:&lt;\/strong&gt; &lt;strong&gt;DAVID CONCHA SU\u00c1REZ.&lt;\/strong&gt;\n\n&nbsp;\n\n&lt;strong&gt;EDAD: 40 A\u00d1OS.\u00a0 &lt;\/strong&gt;\n\n&lt;strong&gt;FUE VISTO POR \u00daLTIMA VEZ: EL 8 DE MAYO DE 2021, EN SAN ANTONIO ARRAZOLA, SANTA CRUZ XOXOCOTL\u00c1N, OAXACA, QUIEN VA A BORDO DE UN VEH\u00cdCULO VOLKSWAGEN, COLOR AZUL CON PLACAS DE CIRCULACI\u00d3N TMA-73-38 DEL ESTADO DE OAXACA.&lt;\/strong&gt;\n\n&lt;strong&gt;SE\u00d1AS PARTICULARES: TIENE UN TATUAJE EN FORMA DE C\u00d3DIGO DE BARRAS EN EL BRAZO IZQUIERDO, TIENE UN TATUAJE CON LA FIGURA DE UN TIGRE EN EL BRAZO DERECHO Y DEBAJO DEL TATUAJE TIENE UNAS LETRAS \u201cM Y F\u201d, TIENE UN TATUAJE EN LA ESPALDA DEL LADO IZQUIERDO CON LA FIGURA DE UNA ANCLA.&lt;\/strong&gt;\n\n&lt;strong&gt;ROPA QUE VISTE: PLAYERA DE MANGA CORTA, CUELLO REDONDO, COLOR BLANCO, SHORT DE COLOR NEGRO, CALZA UNOS TENIS DE COLOR BLANCO.&lt;\/strong&gt;\n\n&lt;strong&gt;MEDIA FILIACI\u00d3N: COMPLEXI\u00d3N OBESA, ESTATURA APROXIMADA 1.62 METROS APROXIMADAMENTE, DE TEZ MORENA, CARA OVALADA, FRENTE MEDIANA, CEJAS POBLADAS, OJOS MEDIANOS, DE IRIS COLOR CAF\u00c9 OSCURO, NARIZ GRANDE, BOCA MEDIANA, LABIOS DELGADOS, MENT\u00d3N OVALADO Y CABELLO LACIO, CORTO Y DE COLOR NEGRO.&lt;\/strong&gt;\"\n\t\t\t\t>Ver m\u00e1s\n\t\t\t<\/button><\/div><\/div><div class=\"card col-sm-3 col-md-2\"><div class=\"card-header\"><img decoding=\"async\" src=\"https:\/\/portal.fgeo.gob.mx\/minio\/pagina\/wp-content\/uploads\/2021\/03\/CLAUDIA-URUCHURTU-CRUZ.jpg\" class=\"img-fluid\" alt=\"Imagen de CLAUDIA URUCHURTU CRUZ\"><\/div><div class=\"card-body\"><h6 class=\"card-title\">CLAUDIA URUCHURTU CRUZ<\/h6><button class=\"btn btn-primary ver-mas\" \n\t\t\t\tdata-title=\"CLAUDIA URUCHURTU CRUZ\" \n\t\t\t\tdata-img=\"https:\/\/portal.fgeo.gob.mx\/minio\/pagina\/wp-content\/uploads\/2021\/03\/CLAUDIA-URUCHURTU-CRUZ.jpg\" \n\t\t\t\tdata-content=\"&lt;strong&gt;EDAD: 48 A\u00d1OS. &lt;\/strong&gt;\n\n&lt;strong&gt;FUE VISTA POR \u00daLTIMA VEZ: EL D\u00cdA 26 DE MARZO DE 2021, EN ASUNCI\u00d3N NOCHIXTL\u00c1N, OAXACA.&lt;\/strong&gt;\n\n&lt;strong&gt;ROPA QUE VEST\u00cdA: PLAYERA COLOR BLANCO, DE MANGA CORTA Y CUELLO REDONDO, CHAMARRA DE MEZCLILLA COLOR AZUL OSCURO, PANTAL\u00d3N DE MEZCLILLA AZUL, CALZA TENIS, PORTA UNA GORRA DE TELA COLOR NEGRO Y CUBRE BOCAS DE TELA COLOR AZUL.&lt;\/strong&gt;\n\n&lt;strong&gt;SE\u00d1A PARTICULAR: CICATRIZ EN EL ESTOMAGO POR CIRUG\u00cdA.&lt;\/strong&gt;\n\n&lt;strong&gt;MEDIA FILIACI\u00d3N: COMPLEXI\u00d3N DELGADA, ESTATURA APROXIMADA 1.60 METROS, TEZ MORENA CLARA, CARA REDONDA, FRENTE AMPLIA, OJOS MEDIANOS, IRIS COLOR CAF\u00c9 OSCURO, CEJAS ESCASAS Y DEPILADAS, NARIZ MEDIANA, BASE ANCHA, BOCA MEDIANA, LABIOS DELGADOS, MENT\u00d3N REDONDO, CABELLO ONDULADO, COLOR CASTA\u00d1O, CORTO.&lt;\/strong&gt;\"\n\t\t\t\t>Ver m\u00e1s\n\t\t\t<\/button><\/div><\/div><div class=\"card col-sm-3 col-md-2\"><div class=\"card-header\"><img decoding=\"async\" src=\"https:\/\/portal.fgeo.gob.mx\/minio\/pagina\/wp-content\/uploads\/2020\/02\/Raymundo-Silva-Barragan.jpg\" class=\"img-fluid\" alt=\"Imagen de RAYMUNDO SILVA BARRAG\u00c1N.\"><\/div><div class=\"card-body\"><h6 class=\"card-title\">RAYMUNDO SILVA BARRAG\u00c1N.<\/h6><button class=\"btn btn-primary ver-mas\" \n\t\t\t\tdata-title=\"RAYMUNDO SILVA BARRAG\u00c1N.\" \n\t\t\t\tdata-img=\"https:\/\/portal.fgeo.gob.mx\/minio\/pagina\/wp-content\/uploads\/2020\/02\/Raymundo-Silva-Barragan.jpg\" \n\t\t\t\tdata-content=\"&lt;strong&gt;NOMBRE: &lt;\/strong&gt;&lt;strong&gt;RAYMUNDO SILVA BARRAG\u00c1N.&lt;\/strong&gt;\n\n&lt;strong&gt;EDAD: 34 A\u00d1OS.\u00a0\u00a0\u00a0\u00a0\u00a0\u00a0\u00a0 &lt;\/strong&gt;\n\n&lt;strong&gt;FUE VISTO POR \u00daLTIMA VEZ: EL D\u00cdA 29 DE NOVIEMBRE DEL 2015, EN LA JUNTA, ACATL\u00c1N DE P\u00c9REZ FIGUEROA, TUXTEPEC, OAXACA.&lt;\/strong&gt;\n\n&lt;strong&gt;SE\u00d1AS PARTICULARES: ES DE COMPLEXI\u00d3N REGULAR, TIENE UNA CICATRIZ EN LA TETILLA IZQUIERDA Y EL DEDO \u00cdNDICE DERECHO ESTA PARCIALMENTE AMPUTADO.&lt;\/strong&gt;\n\n&lt;strong&gt;ROPA QUE VEST\u00cdA: PLAYERA COLOR, PANTAL\u00d3N DE MEZCLILLA COLOR AZUL MARINO Y CALZA ZAPATOS COLOR AMARILLO.&lt;\/strong&gt;\"\n\t\t\t\t>Ver m\u00e1s\n\t\t\t<\/button><\/div><\/div><div class=\"card col-sm-3 col-md-2\"><div class=\"card-header\"><img decoding=\"async\" src=\"https:\/\/portal.fgeo.gob.mx\/minio\/pagina\/wp-content\/uploads\/2020\/02\/Abel-Tizapa-Morales.jpg\" class=\"img-fluid\" alt=\"Imagen de ABEL TIZAPA MORALES.\"><\/div><div class=\"card-body\"><h6 class=\"card-title\">ABEL TIZAPA MORALES.<\/h6><button class=\"btn btn-primary ver-mas\" \n\t\t\t\tdata-title=\"ABEL TIZAPA MORALES.\" \n\t\t\t\tdata-img=\"https:\/\/portal.fgeo.gob.mx\/minio\/pagina\/wp-content\/uploads\/2020\/02\/Abel-Tizapa-Morales.jpg\" \n\t\t\t\tdata-content=\"&lt;strong&gt;NOMBRE: &lt;\/strong&gt;&lt;strong&gt;ABEL TIZAPA MORALES.&lt;\/strong&gt;\n\n&lt;strong&gt;EDAD: 43 A\u00d1OS.\u00a0\u00a0\u00a0\u00a0\u00a0\u00a0\u00a0 &lt;\/strong&gt;\n\n&lt;strong&gt;FUE VISTO POR \u00daLTIMA VEZ: EL D\u00cdA 29 DE NOVIEMBRE DEL 2015, EN LA JUNTA, ACATL\u00c1N DE P\u00c9REZ FIGUEROA, TUXTEPEC, OAXACA.&lt;\/strong&gt;\n\n&lt;strong&gt;SE\u00d1AS PARTICULARES: TIENE UNA CICATRIZ DE APROXIMADAMENTE 13 CENT\u00cdMETROS EN LA CABEZA.&lt;\/strong&gt;\n\n&lt;strong&gt;ROPA QUE VEST\u00cdA: CAMISA COLOR VERDE, PANTAL\u00d3N DE MEZCLILLA Y CALZA ZAPATOS COLOR CAF\u00c9 CLARO.&lt;\/strong&gt;\n\n&lt;strong&gt;MEDIA FILIACI\u00d3N: COMPLEXI\u00d3N REGULAR, ESTATURA APROXIMADA 1.56 METROS, TEZ MORENA CLARA, CARA OVALADA, FRENTE AMPLIA.&lt;\/strong&gt;\"\n\t\t\t\t>Ver m\u00e1s\n\t\t\t<\/button><\/div><\/div><\/div><div class=\"pagination mt-4\"><span aria-current=\"page\" class=\"page-numbers current\">1<\/span>\n<a class=\"page-numbers\" href=\"https:\/\/portal.fgeo.gob.mx\/index.php\/wp-json\/wp\/v2\/pages\/17465\/page\/2\">2<\/a>\n<a class=\"page-numbers\" href=\"https:\/\/portal.fgeo.gob.mx\/index.php\/wp-json\/wp\/v2\/pages\/17465\/page\/3\">3<\/a>\n<span class=\"page-numbers dots\">&hellip;<\/span>\n<a class=\"page-numbers\" href=\"https:\/\/portal.fgeo.gob.mx\/index.php\/wp-json\/wp\/v2\/pages\/17465\/page\/11\">11<\/a>\n<a class=\"next page-numbers\" href=\"https:\/\/portal.fgeo.gob.mx\/index.php\/wp-json\/wp\/v2\/pages\/17465\/page\/2\">Siguiente \u00bb<\/a><\/div>\t\t\t\t<\/div>\n\t\t\t\t<\/div>\n\t\t\t\t<div class=\"elementor-element elementor-element-077b365 elementor-widget elementor-widget-html\" data-id=\"077b365\" data-element_type=\"widget\" data-e-type=\"widget\" data-widget_type=\"html.default\">\n\t\t\t\t<div class=\"elementor-widget-container\">\n\t\t\t\t\t<!-- Modal -->\r\n<div class=\"modal fade\" id=\"modalPersona\" tabindex=\"-1\" aria-labelledby=\"modalPersonaLabel\" aria-hidden=\"true\">\r\n    <div class=\"modal-dialog modal-lg\">\r\n        <div class=\"modal-content\">\r\n            <div class=\"modal-header\">\r\n                <h5 class=\"modal-title\" id=\"modalPersonaLabel\">\u00a1Ay\u00fadanos a localizar a! <\/h5>\r\n                <!--<span id=\"modalNombre\">Nombre<\/span>-->\r\n                <button type=\"button\" class=\"btn-close\" data-bs-dismiss=\"modal\" aria-label=\"Cerrar\"><\/button>\r\n            <\/div>\r\n            <div class=\"modal-body body-modal\">\r\n                <div class=\"d-flex\">\r\n                    <img decoding=\"async\" id=\"modalImg\" src=\"\" alt=\"Imagen Persona\" class=\"img-fluid\" style=\"width:300px; height:300px; object-fit:cover; border-radius:15px;\">\r\n                    <div class=\"ms-3\">\r\n                        <div id=\"modalContenido\"><\/div>\r\n                    <\/div>\r\n                <\/div>\r\n            <\/div>\r\n            <div class=\"modal-footer\">\r\n                <button type=\"button\" class=\"btn btn-secondary\" data-bs-dismiss=\"modal\">Cerrar<\/button>\r\n            <\/div>\r\n        <\/div>\r\n    <\/div>\r\n<\/div>\r\n<script>\r\ndocument.addEventListener(\"click\", function(e){\r\n    if(e.target && e.target.classList.contains('ver-mas')) {\r\n        const btn = e.target;\r\n        const modal = new bootstrap.Modal(document.getElementById('modalPersona'));\r\n        \/\/ document.getElementById('modalNombre').textContent = btn.dataset.title;\r\n        document.getElementById('modalImg').src = btn.dataset.img;\r\n        document.getElementById('modalContenido').innerHTML = btn.dataset.content + `\r\n    <hr><div class=\"mt-3\">\r\n        <p>SI CONOCES O SABES ALGO DE ESTA PERSONA, COMUN\u00cdCATE A LOS N\u00daMEROS:<\/p>\r\n        <p><strong>01 800 00 77628 (PROCU)<\/strong><br>\r\n           <strong>951 164 64 34 (M\u00d3VIL)<\/strong><\/p>\r\n        <p>O BIEN VISITA CUALQUIERA DE LAS SIGUIENTES DIRECCIONES:<\/p>\r\n        <p>nolocalizados@fge.oaxaca.gob.mx<br>\r\n           nolocalizados@gmail.com<br>\r\n           twitter: @VFGO_victimas<\/p>\r\n        <p><strong><em>EDIFICIO \u00c1LVARO CARRILLO PRIMER NIVEL, UNIDAD DE B\u00daSQUEDA DE PERSONAS NO LOCALIZADAS (DNOL) EN CIUDAD JUDICIAL, REYES MANTEC\u00d3N, SAN BARTOLO COYOTEPEC.<\/em><\/strong><\/p>\r\n    <\/div>\r\n`;\r\n        modal.show();\r\n    }\r\n});\r\n<\/script>\r\n<style>\r\n.c-personas-desaparecidas .card-header{\r\n    text-align: center\r\n}\r\n.c-personas-desaparecidas .card-header img{\r\n    max-height: 150px;\r\n    object-fit: cover;\r\n}\r\n#site-header{\r\n    z-index: 1\r\n}\r\n    \/* Contenedor de paginaci\u00f3n *\/\r\n.pagination {\r\n    display: flex;\r\n    justify-content: center;\r\n    margin-top: 30px;\r\n    gap: 8px;\r\n    flex-wrap: wrap;\r\n}\r\n\r\n\/* Estilo de los enlaces *\/\r\n.pagination a,\r\n.pagination span {\r\n    display: inline-block;\r\n    padding: 10px 16px;\r\n    border-radius: 8px;\r\n    border: 1px solid #3A599E;\r\n    color: #3A599E;\r\n    text-decoration: none;\r\n    font-weight: bold;\r\n    transition: all 0.3s ease;\r\n}\r\n\r\n\/* Hover *\/\r\n.pagination a:hover {\r\n    background-color: #3A599E;\r\n    color: #fff;\r\n    border-color: #09256A;\r\n}\r\n\r\n\/* P\u00e1gina actual *\/\r\n.pagination .current {\r\n    background-color: #09256A;\r\n    color: #fff;\r\n    border-color: #09256A;\r\n}\r\n\r\n\/* Botones prev\/next *\/\r\n.pagination .prev,\r\n.pagination .next {\r\n    font-weight: bold;\r\n}\r\n.contactos p{\r\n    color: #008000;\r\n    font-size: 12px;\r\n}\r\n.card button{\r\n    display: flex;\r\n    margin: 0 auto;\r\n}\r\n\r\n#modalPersona .d-flex{\r\n    flex-direction: column;\r\n    align-items: center;\r\n}\r\n\r\n<\/style>\r\n\t\t\t\t<\/div>\n\t\t\t\t<\/div>\n\t\t\t\t\t<\/div>\n\t\t\t\t<\/div>\n\t\t\t\t<\/div>\n\t\t","protected":false},"excerpt":{"rendered":"<p>DNOL &#8211; PERSONAS DESAPARECIDAS \u00a1Ay\u00fadanos a localizar a! Cerrar<\/p>\n","protected":false},"author":1,"featured_media":0,"parent":0,"menu_order":0,"comment_status":"closed","ping_status":"closed","template":"","meta":{"_acf_changed":false,"footnotes":""},"class_list":["post-17465","page","type-page","status-publish","hentry"],"acf":[],"mb":[],"mfb_rest_fields":["title","gutenberg_elementor_mode"],"_links":{"self":[{"href":"https:\/\/portal.fgeo.gob.mx\/index.php\/wp-json\/wp\/v2\/pages\/17465","targetHints":{"allow":["GET"]}}],"collection":[{"href":"https:\/\/portal.fgeo.gob.mx\/index.php\/wp-json\/wp\/v2\/pages"}],"about":[{"href":"https:\/\/portal.fgeo.gob.mx\/index.php\/wp-json\/wp\/v2\/types\/page"}],"author":[{"embeddable":true,"href":"https:\/\/portal.fgeo.gob.mx\/index.php\/wp-json\/wp\/v2\/users\/1"}],"replies":[{"embeddable":true,"href":"https:\/\/portal.fgeo.gob.mx\/index.php\/wp-json\/wp\/v2\/comments?post=17465"}],"version-history":[{"count":0,"href":"https:\/\/portal.fgeo.gob.mx\/index.php\/wp-json\/wp\/v2\/pages\/17465\/revisions"}],"wp:attachment":[{"href":"https:\/\/portal.fgeo.gob.mx\/index.php\/wp-json\/wp\/v2\/media?parent=17465"}],"curies":[{"name":"wp","href":"https:\/\/api.w.org\/{rel}","templated":true}]}}