{"id":2534,"date":"2020-01-05T14:38:42","date_gmt":"2020-01-05T19:38:42","guid":{"rendered":"http:\/\/fge.oaxaca.gob.mx\/?post_type=desaparecidas&#038;p=2534"},"modified":"2025-10-15T14:08:28","modified_gmt":"2025-10-15T20:08:28","slug":"axel-damian-sanchez-martinez","status":"publish","type":"desaparecidas","link":"https:\/\/portal.fgeo.gob.mx\/index.php\/archivos\/personas-desaparecidas\/axel-damian-sanchez-martinez","title":{"rendered":"AXEL DAMI\u00c1N S\u00c1NCHEZ MART\u00cdNEZ."},"content":{"rendered":"<p><strong>NOMBRE:<\/strong><strong> AXEL DAMI\u00c1N S\u00c1NCHEZ MART\u00cdNEZ.<\/strong><\/p>\n<p><strong>EDAD: 16 A\u00d1OS. <\/strong><\/p>\n<p><strong>FUE VISTO POR \u00daLTIMA VEZ: EL D\u00cdA 07 DE DICIEMBRE DE 2019, EN SANTA LUC\u00cdA DEL CAMINO, OAXACA.<\/strong><\/p>\n<p><strong>SE\u00d1A PARTICULAR: TIENE UN LUNAR PEQUE\u00d1O ARRIBA DE LOS LABIOS, DEL LADO IZQUIERDO.<\/strong><\/p>\n<p><strong>ROPA QUE VISTE: CHAMARRA COLOR NEGRA, PANTAL\u00d3N DE MEZCLILLA DE COLOR NEGRO, CALZA TENIS MARCA CONVERSE COLOR NEGRO, MOCHILA COLOR GRIS Y VA A BORDO DE UNA MOTOCICLETA MARCA ITALIKA, MODELO FT150, PLACA MKD3P, A\u00d1O 2019, COLOR NEGRO CON AMARILLO.\u00a0 <\/strong><\/p>\n<p><strong>MEDIA FILIACI\u00d3N: COMPLEXI\u00d3N REGULAR, ESTATURA APROXIMADA 1.75 METROS, TEZ MORENA CLARA, CARA OVALADA, FRENTE AMPLIA, CEJAS POBLADAS, OJOS MEDIANOS, DE IRIS COLOR CAF\u00c9 OSCURO, NARIZ MEDIANA, BOCA MEDIANA, LABIOS SEMIGRUESOS, MENT\u00d3N OVALADO Y CABELLO LACIO, CORTO Y DE COLOR NEGRO.<\/strong><\/p>\n<p><img fetchpriority=\"high\" decoding=\"async\" class=\"alignnone size-medium wp-image-18343\" src=\"https:\/\/portal.fgeo.gob.mx\/minio\/pagina\/wp-content\/uploads\/2020\/01\/Axel-Damian-Sanchez-Martinez-300x178.jpg\" alt=\"\" width=\"300\" height=\"178\" srcset=\"https:\/\/portal.fgeo.gob.mx\/minio\/pagina\/wp-content\/uploads\/2020\/01\/Axel-Damian-Sanchez-Martinez-300x178.jpg 300w, https:\/\/portal.fgeo.gob.mx\/minio\/pagina\/wp-content\/uploads\/2020\/01\/Axel-Damian-Sanchez-Martinez-768x455.jpg 768w, https:\/\/portal.fgeo.gob.mx\/minio\/pagina\/wp-content\/uploads\/2020\/01\/Axel-Damian-Sanchez-Martinez.jpg 998w\" sizes=\"(max-width: 300px) 100vw, 300px\" \/><\/p>\n","protected":false},"featured_media":18343,"template":"","categories":[],"tags":[],"ficha_genero":[],"ficha_fiscalia":[],"ficha_estatus":[],"class_list":["post-2534","desaparecidas","type-desaparecidas","status-publish","has-post-thumbnail","hentry","tipo-dnol-dnol"],"acf":[],"mb":[],"mfb_rest_fields":["title","gutenberg_elementor_mode"],"_links":{"self":[{"href":"https:\/\/portal.fgeo.gob.mx\/index.php\/wp-json\/wp\/v2\/desaparecidas\/2534","targetHints":{"allow":["GET"]}}],"collection":[{"href":"https:\/\/portal.fgeo.gob.mx\/index.php\/wp-json\/wp\/v2\/desaparecidas"}],"about":[{"href":"https:\/\/portal.fgeo.gob.mx\/index.php\/wp-json\/wp\/v2\/types\/desaparecidas"}],"wp:featuredmedia":[{"embeddable":true,"href":"https:\/\/portal.fgeo.gob.mx\/index.php\/wp-json\/wp\/v2\/media\/18343"}],"wp:attachment":[{"href":"https:\/\/portal.fgeo.gob.mx\/index.php\/wp-json\/wp\/v2\/media?parent=2534"}],"wp:term":[{"taxonomy":"category","embeddable":true,"href":"https:\/\/portal.fgeo.gob.mx\/index.php\/wp-json\/wp\/v2\/categories?post=2534"},{"taxonomy":"post_tag","embeddable":true,"href":"https:\/\/portal.fgeo.gob.mx\/index.php\/wp-json\/wp\/v2\/tags?post=2534"},{"taxonomy":"ficha_genero","embeddable":true,"href":"https:\/\/portal.fgeo.gob.mx\/index.php\/wp-json\/wp\/v2\/ficha_genero?post=2534"},{"taxonomy":"ficha_fiscalia","embeddable":true,"href":"https:\/\/portal.fgeo.gob.mx\/index.php\/wp-json\/wp\/v2\/ficha_fiscalia?post=2534"},{"taxonomy":"ficha_estatus","embeddable":true,"href":"https:\/\/portal.fgeo.gob.mx\/index.php\/wp-json\/wp\/v2\/ficha_estatus?post=2534"}],"curies":[{"name":"wp","href":"https:\/\/api.w.org\/{rel}","templated":true}]}}

AXEL DAMIÁN SÁNCHEZ MARTÍNEZ.

<p><strong>NOMBRE:</strong><strong> AXEL DAMIÁN SÁNCHEZ MARTÍNEZ.</strong></p>
<p><strong>EDAD: 16 AÑOS. </strong></p>
<p><strong>FUE VISTO POR ÚLTIMA VEZ: EL DÍA 07 DE DICIEMBRE DE 2019, EN SANTA LUCÍA DEL CAMINO, OAXACA.</strong></p>
<p><strong>SEÑA PARTICULAR: TIENE UN LUNAR PEQUEÑO ARRIBA DE LOS LABIOS, DEL LADO IZQUIERDO.</strong></p>
<p><strong>ROPA QUE VISTE: CHAMARRA COLOR NEGRA, PANTALÓN DE MEZCLILLA DE COLOR NEGRO, CALZA TENIS MARCA CONVERSE COLOR NEGRO, MOCHILA COLOR GRIS Y VA A BORDO DE UNA MOTOCICLETA MARCA ITALIKA, MODELO FT150, PLACA MKD3P, AÑO 2019, COLOR NEGRO CON AMARILLO.  </strong></p>
<p><strong>MEDIA FILIACIÓN: COMPLEXIÓN REGULAR, ESTATURA APROXIMADA 1.75 METROS, TEZ MORENA CLARA, CARA OVALADA, FRENTE AMPLIA, CEJAS POBLADAS, OJOS MEDIANOS, DE IRIS COLOR CAFÉ OSCURO, NARIZ MEDIANA, BOCA MEDIANA, LABIOS SEMIGRUESOS, MENTÓN OVALADO Y CABELLO LACIO, CORTO Y DE COLOR NEGRO.</strong></p>
<p><img fetchpriority="high" decoding="async" class="alignnone size-medium wp-image-18343" src="https://portal.fgeo.gob.mx/minio/pagina/wp-content/uploads/2020/01/Axel-Damian-Sanchez-Martinez-300x178.jpg" alt="" width="300" height="178" srcset="https://portal.fgeo.gob.mx/minio/pagina/wp-content/uploads/2020/01/Axel-Damian-Sanchez-Martinez-300x178.jpg 300w, https://portal.fgeo.gob.mx/minio/pagina/wp-content/uploads/2020/01/Axel-Damian-Sanchez-Martinez-768x455.jpg 768w, https://portal.fgeo.gob.mx/minio/pagina/wp-content/uploads/2020/01/Axel-Damian-Sanchez-Martinez.jpg 998w" sizes="(max-width: 300px) 100vw, 300px" /></p>
