{"id":2532,"date":"2020-01-05T14:25:15","date_gmt":"2020-01-05T19:25:15","guid":{"rendered":"http:\/\/fge.oaxaca.gob.mx\/?post_type=desaparecidas&#038;p=2532"},"modified":"2025-10-15T14:09:23","modified_gmt":"2025-10-15T20:09:23","slug":"herculano-perez-vasquez","status":"publish","type":"desaparecidas","link":"https:\/\/portal.fgeo.gob.mx\/index.php\/archivos\/personas-desaparecidas\/herculano-perez-vasquez","title":{"rendered":"HERCULANO P\u00c9REZ V\u00c1SQUEZ."},"content":{"rendered":"<p><strong>5NOMBRE:<\/strong> <strong>HERCULANO P\u00c9REZ V\u00c1SQUEZ<\/strong><strong>.<\/strong><strong>\u00a0<\/strong><\/p>\n<p><strong>EDAD: 30 A\u00d1OS.<\/strong><\/p>\n<p><strong>FUE VISTO POR \u00daLTIMA VEZ: EL D\u00cdA 19 DE OCTUBRE DEL 2019, EN SANTA LUC\u00cdA DEL CAMINO, OAXACA.<\/strong><\/p>\n<p><strong>SE\u00d1AS PARTICULARES: TIENE UNA CICATRIZ EN MEDIO DE LA FRENTE Y TIENE BARBA EN FORMA DE CANDADO<\/strong><strong>.<\/strong><\/p>\n<p><strong>ROPA QUE VISTE REGULARMENTE: PLAYERA TIPO POLO, PANTAL\u00d3N DE MEZCLILLA, ZAPATOS CASUALES Y UTILIZA GORRA EN ALGUNAS OCASIONES.<\/strong><\/p>\n<p><strong>MEDIA FILIACI\u00d3N: COMPLEXI\u00d3N MEDIA, ESTATURA 1.70 METROS APROXIMADAMENTE, TEZ MORENA, CARA REDONDA, FRENTE AMPLIA, CEJAS SEMIPOBLADAS, OJOS GRANDES, DE IRIS COLOR CAF\u00c9 CLARO, NARIZ GRANDE, DE BASE MEDIA, BOCA MEDIANA, LABIOS GRUESOS, MENT\u00d3N REDONDO Y CABELLO ONDULADO, MUY CORTO Y DE COLOR NEGRO.<\/strong><\/p>\n<p><img fetchpriority=\"high\" decoding=\"async\" class=\"alignnone size-medium wp-image-18344\" src=\"https:\/\/portal.fgeo.gob.mx\/minio\/pagina\/wp-content\/uploads\/2020\/01\/Herculano-Perez-Vasquez-300x200.jpg\" alt=\"\" width=\"300\" height=\"200\" srcset=\"https:\/\/portal.fgeo.gob.mx\/minio\/pagina\/wp-content\/uploads\/2020\/01\/Herculano-Perez-Vasquez-300x200.jpg 300w, https:\/\/portal.fgeo.gob.mx\/minio\/pagina\/wp-content\/uploads\/2020\/01\/Herculano-Perez-Vasquez-768x512.jpg 768w, https:\/\/portal.fgeo.gob.mx\/minio\/pagina\/wp-content\/uploads\/2020\/01\/Herculano-Perez-Vasquez.jpg 817w\" sizes=\"(max-width: 300px) 100vw, 300px\" \/><\/p>\n","protected":false},"featured_media":18344,"template":"","categories":[],"tags":[],"ficha_genero":[],"ficha_fiscalia":[],"ficha_estatus":[],"class_list":["post-2532","desaparecidas","type-desaparecidas","status-publish","has-post-thumbnail","hentry","tipo-dnol-dnol"],"acf":[],"mb":[],"mfb_rest_fields":["title","gutenberg_elementor_mode"],"_links":{"self":[{"href":"https:\/\/portal.fgeo.gob.mx\/index.php\/wp-json\/wp\/v2\/desaparecidas\/2532","targetHints":{"allow":["GET"]}}],"collection":[{"href":"https:\/\/portal.fgeo.gob.mx\/index.php\/wp-json\/wp\/v2\/desaparecidas"}],"about":[{"href":"https:\/\/portal.fgeo.gob.mx\/index.php\/wp-json\/wp\/v2\/types\/desaparecidas"}],"wp:featuredmedia":[{"embeddable":true,"href":"https:\/\/portal.fgeo.gob.mx\/index.php\/wp-json\/wp\/v2\/media\/18344"}],"wp:attachment":[{"href":"https:\/\/portal.fgeo.gob.mx\/index.php\/wp-json\/wp\/v2\/media?parent=2532"}],"wp:term":[{"taxonomy":"category","embeddable":true,"href":"https:\/\/portal.fgeo.gob.mx\/index.php\/wp-json\/wp\/v2\/categories?post=2532"},{"taxonomy":"post_tag","embeddable":true,"href":"https:\/\/portal.fgeo.gob.mx\/index.php\/wp-json\/wp\/v2\/tags?post=2532"},{"taxonomy":"ficha_genero","embeddable":true,"href":"https:\/\/portal.fgeo.gob.mx\/index.php\/wp-json\/wp\/v2\/ficha_genero?post=2532"},{"taxonomy":"ficha_fiscalia","embeddable":true,"href":"https:\/\/portal.fgeo.gob.mx\/index.php\/wp-json\/wp\/v2\/ficha_fiscalia?post=2532"},{"taxonomy":"ficha_estatus","embeddable":true,"href":"https:\/\/portal.fgeo.gob.mx\/index.php\/wp-json\/wp\/v2\/ficha_estatus?post=2532"}],"curies":[{"name":"wp","href":"https:\/\/api.w.org\/{rel}","templated":true}]}}

HERCULANO PÉREZ VÁSQUEZ.

<p><strong>5NOMBRE:</strong> <strong>HERCULANO PÉREZ VÁSQUEZ</strong><strong>.</strong><strong> </strong></p>
<p><strong>EDAD: 30 AÑOS.</strong></p>
<p><strong>FUE VISTO POR ÚLTIMA VEZ: EL DÍA 19 DE OCTUBRE DEL 2019, EN SANTA LUCÍA DEL CAMINO, OAXACA.</strong></p>
<p><strong>SEÑAS PARTICULARES: TIENE UNA CICATRIZ EN MEDIO DE LA FRENTE Y TIENE BARBA EN FORMA DE CANDADO</strong><strong>.</strong></p>
<p><strong>ROPA QUE VISTE REGULARMENTE: PLAYERA TIPO POLO, PANTALÓN DE MEZCLILLA, ZAPATOS CASUALES Y UTILIZA GORRA EN ALGUNAS OCASIONES.</strong></p>
<p><strong>MEDIA FILIACIÓN: COMPLEXIÓN MEDIA, ESTATURA 1.70 METROS APROXIMADAMENTE, TEZ MORENA, CARA REDONDA, FRENTE AMPLIA, CEJAS SEMIPOBLADAS, OJOS GRANDES, DE IRIS COLOR CAFÉ CLARO, NARIZ GRANDE, DE BASE MEDIA, BOCA MEDIANA, LABIOS GRUESOS, MENTÓN REDONDO Y CABELLO ONDULADO, MUY CORTO Y DE COLOR NEGRO.</strong></p>
<p><img fetchpriority="high" decoding="async" class="alignnone size-medium wp-image-18344" src="https://portal.fgeo.gob.mx/minio/pagina/wp-content/uploads/2020/01/Herculano-Perez-Vasquez-300x200.jpg" alt="" width="300" height="200" srcset="https://portal.fgeo.gob.mx/minio/pagina/wp-content/uploads/2020/01/Herculano-Perez-Vasquez-300x200.jpg 300w, https://portal.fgeo.gob.mx/minio/pagina/wp-content/uploads/2020/01/Herculano-Perez-Vasquez-768x512.jpg 768w, https://portal.fgeo.gob.mx/minio/pagina/wp-content/uploads/2020/01/Herculano-Perez-Vasquez.jpg 817w" sizes="(max-width: 300px) 100vw, 300px" /></p>
