{"id":2519,"date":"2020-01-24T11:56:27","date_gmt":"2020-01-24T16:56:27","guid":{"rendered":"http:\/\/fge.oaxaca.gob.mx\/?post_type=desaparecidas&#038;p=2519"},"modified":"2025-10-15T14:00:56","modified_gmt":"2025-10-15T20:00:56","slug":"julio-francisco-manuel","status":"publish","type":"desaparecidas","link":"https:\/\/portal.fgeo.gob.mx\/index.php\/archivos\/personas-desaparecidas\/julio-francisco-manuel","title":{"rendered":"JULIO FRANCISCO MANUEL."},"content":{"rendered":"<p><strong>NOMBRE: <\/strong><strong>JULIO FRANCISCO MANUEL.<\/strong><\/p>\n<p><strong>EDAD: 68 A\u00d1OS ACTUALMENTE.\u00a0\u00a0\u00a0\u00a0\u00a0\u00a0\u00a0 <\/strong><\/p>\n<p><strong>FUE VISTO POR \u00daLTIMA VEZ: EL D\u00cdA 10 DE JULIO DE 2017, EN EL BARRIO GRANADILLA, PE\u00d1A BLANCA, SAN LUCAS ZOQUI\u00c1PAM, TEOTITL\u00c1N, OAXACA.<\/strong><\/p>\n<p><strong>ROPA QUE VEST\u00cdA: CHAMARRA COLOR NEGRA, PANTAL\u00d3N COLOR NEGRO Y ZAPATOS COLOR NEGRO<\/strong><strong>. <\/strong><\/p>\n<p><strong>MEDIA FILIACI\u00d3N: COMPLEXI\u00d3N DELGADA, ESTATURA APROXIMADA 1.60 METROS, TEZ MORENA, CARA OVALADA, FRENTE MEDIANA, CEJAS SEMIPOBLADAS, OJOS MEDIANOS, DE IRIS COLOR CAF\u00c9 OSCURO, NARIZ MEDIANA, BOCA MEDIANA, LABIOS SEMIGRUESOS, MENT\u00d3N OVALADO Y CABELLO LACIO Y DE COLOR NEGRO.<\/strong><\/p>\n<p><img fetchpriority=\"high\" decoding=\"async\" class=\"alignnone size-medium wp-image-18340\" src=\"https:\/\/portal.fgeo.gob.mx\/minio\/pagina\/wp-content\/uploads\/2020\/01\/Julio-Francisco-Manuel-204x300.jpg\" alt=\"\" width=\"204\" height=\"300\" srcset=\"https:\/\/portal.fgeo.gob.mx\/minio\/pagina\/wp-content\/uploads\/2020\/01\/Julio-Francisco-Manuel-204x300.jpg 204w, https:\/\/portal.fgeo.gob.mx\/minio\/pagina\/wp-content\/uploads\/2020\/01\/Julio-Francisco-Manuel-698x1024.jpg 698w, https:\/\/portal.fgeo.gob.mx\/minio\/pagina\/wp-content\/uploads\/2020\/01\/Julio-Francisco-Manuel-768x1127.jpg 768w, https:\/\/portal.fgeo.gob.mx\/minio\/pagina\/wp-content\/uploads\/2020\/01\/Julio-Francisco-Manuel.jpg 780w\" sizes=\"(max-width: 204px) 100vw, 204px\" \/><\/p>\n","protected":false},"featured_media":18340,"template":"","categories":[],"tags":[],"ficha_genero":[],"ficha_fiscalia":[],"ficha_estatus":[],"class_list":["post-2519","desaparecidas","type-desaparecidas","status-publish","has-post-thumbnail","hentry","tipo-dnol-dnol"],"acf":[],"mb":[],"mfb_rest_fields":["title","gutenberg_elementor_mode"],"_links":{"self":[{"href":"https:\/\/portal.fgeo.gob.mx\/index.php\/wp-json\/wp\/v2\/desaparecidas\/2519","targetHints":{"allow":["GET"]}}],"collection":[{"href":"https:\/\/portal.fgeo.gob.mx\/index.php\/wp-json\/wp\/v2\/desaparecidas"}],"about":[{"href":"https:\/\/portal.fgeo.gob.mx\/index.php\/wp-json\/wp\/v2\/types\/desaparecidas"}],"wp:featuredmedia":[{"embeddable":true,"href":"https:\/\/portal.fgeo.gob.mx\/index.php\/wp-json\/wp\/v2\/media\/18340"}],"wp:attachment":[{"href":"https:\/\/portal.fgeo.gob.mx\/index.php\/wp-json\/wp\/v2\/media?parent=2519"}],"wp:term":[{"taxonomy":"category","embeddable":true,"href":"https:\/\/portal.fgeo.gob.mx\/index.php\/wp-json\/wp\/v2\/categories?post=2519"},{"taxonomy":"post_tag","embeddable":true,"href":"https:\/\/portal.fgeo.gob.mx\/index.php\/wp-json\/wp\/v2\/tags?post=2519"},{"taxonomy":"ficha_genero","embeddable":true,"href":"https:\/\/portal.fgeo.gob.mx\/index.php\/wp-json\/wp\/v2\/ficha_genero?post=2519"},{"taxonomy":"ficha_fiscalia","embeddable":true,"href":"https:\/\/portal.fgeo.gob.mx\/index.php\/wp-json\/wp\/v2\/ficha_fiscalia?post=2519"},{"taxonomy":"ficha_estatus","embeddable":true,"href":"https:\/\/portal.fgeo.gob.mx\/index.php\/wp-json\/wp\/v2\/ficha_estatus?post=2519"}],"curies":[{"name":"wp","href":"https:\/\/api.w.org\/{rel}","templated":true}]}}

<p><strong>NOMBRE: </strong><strong>JULIO FRANCISCO MANUEL.</strong></p>
<p><strong>EDAD: 68 AÑOS ACTUALMENTE.        </strong></p>
<p><strong>FUE VISTO POR ÚLTIMA VEZ: EL DÍA 10 DE JULIO DE 2017, EN EL BARRIO GRANADILLA, PEÑA BLANCA, SAN LUCAS ZOQUIÁPAM, TEOTITLÁN, OAXACA.</strong></p>
<p><strong>ROPA QUE VESTÍA: CHAMARRA COLOR NEGRA, PANTALÓN COLOR NEGRO Y ZAPATOS COLOR NEGRO</strong><strong>. </strong></p>
<p><strong>MEDIA FILIACIÓN: COMPLEXIÓN DELGADA, ESTATURA APROXIMADA 1.60 METROS, TEZ MORENA, CARA OVALADA, FRENTE MEDIANA, CEJAS SEMIPOBLADAS, OJOS MEDIANOS, DE IRIS COLOR CAFÉ OSCURO, NARIZ MEDIANA, BOCA MEDIANA, LABIOS SEMIGRUESOS, MENTÓN OVALADO Y CABELLO LACIO Y DE COLOR NEGRO.</strong></p>
<p><img fetchpriority="high" decoding="async" class="alignnone size-medium wp-image-18340" src="https://portal.fgeo.gob.mx/minio/pagina/wp-content/uploads/2020/01/Julio-Francisco-Manuel-204x300.jpg" alt="" width="204" height="300" srcset="https://portal.fgeo.gob.mx/minio/pagina/wp-content/uploads/2020/01/Julio-Francisco-Manuel-204x300.jpg 204w, https://portal.fgeo.gob.mx/minio/pagina/wp-content/uploads/2020/01/Julio-Francisco-Manuel-698x1024.jpg 698w, https://portal.fgeo.gob.mx/minio/pagina/wp-content/uploads/2020/01/Julio-Francisco-Manuel-768x1127.jpg 768w, https://portal.fgeo.gob.mx/minio/pagina/wp-content/uploads/2020/01/Julio-Francisco-Manuel.jpg 780w" sizes="(max-width: 204px) 100vw, 204px" /></p>
