{"id":2517,"date":"2020-01-22T12:15:31","date_gmt":"2020-01-22T17:15:31","guid":{"rendered":"http:\/\/fge.oaxaca.gob.mx\/?post_type=desaparecidas&#038;p=2517"},"modified":"2025-10-15T14:07:28","modified_gmt":"2025-10-15T20:07:28","slug":"minerva-garcia-garcia","status":"publish","type":"desaparecidas","link":"https:\/\/portal.fgeo.gob.mx\/index.php\/archivos\/personas-desaparecidas\/minerva-garcia-garcia","title":{"rendered":"MINERVA GARC\u00cdA GARC\u00cdA."},"content":{"rendered":"<p><strong>NOMBRE: <\/strong><strong>MINERVA GARC\u00cdA GARC\u00cdA.<\/strong><\/p>\n<p><strong>EDAD: 33 A\u00d1OS AL MOMENTO DE LA AUSENCIA.\u00a0\u00a0\u00a0\u00a0\u00a0\u00a0\u00a0 <\/strong><\/p>\n<p><strong>FUE VISTA POR \u00daLTIMA VEZ: EL D\u00cdA 31 DE ENERO DE 2017, EN LA CIUDAD DE OAXACA DE JU\u00c1REZ, OAXACA.<\/strong><\/p>\n<p><strong>MEDIA FILIACI\u00d3N: COMPLEXI\u00d3N REGULAR, ESTATURA APROXIMADA 1.50 METROS, TEZ MORENA CLARA, CARA RECTANGULAR, FRENTE AMPLIA, CEJAS POBLADAS, OJOS MEDIANOS, DE IRIS COLOR CAF\u00c9 OSCURO, NARIZ MEDIANA, BOCA MEDIANA, LABIOS DELGADOS, MENT\u00d3N CUADRADO Y CABELLO LACIO, CORTO Y DE COLOR NEGRO.<\/strong><\/p>\n<p><img fetchpriority=\"high\" decoding=\"async\" class=\"alignnone size-medium wp-image-18341\" src=\"https:\/\/portal.fgeo.gob.mx\/minio\/pagina\/wp-content\/uploads\/2020\/01\/Minerva-Garcia-Garcia-213x300.jpg\" alt=\"\" width=\"213\" height=\"300\" srcset=\"https:\/\/portal.fgeo.gob.mx\/minio\/pagina\/wp-content\/uploads\/2020\/01\/Minerva-Garcia-Garcia-213x300.jpg 213w, https:\/\/portal.fgeo.gob.mx\/minio\/pagina\/wp-content\/uploads\/2020\/01\/Minerva-Garcia-Garcia-727x1024.jpg 727w, https:\/\/portal.fgeo.gob.mx\/minio\/pagina\/wp-content\/uploads\/2020\/01\/Minerva-Garcia-Garcia.jpg 754w\" sizes=\"(max-width: 213px) 100vw, 213px\" \/><\/p>\n","protected":false},"featured_media":18341,"template":"","categories":[],"tags":[],"ficha_genero":[],"ficha_fiscalia":[],"ficha_estatus":[],"class_list":["post-2517","desaparecidas","type-desaparecidas","status-publish","has-post-thumbnail","hentry","tipo-dnol-dnol"],"acf":[],"mb":[],"mfb_rest_fields":["title","gutenberg_elementor_mode"],"_links":{"self":[{"href":"https:\/\/portal.fgeo.gob.mx\/index.php\/wp-json\/wp\/v2\/desaparecidas\/2517","targetHints":{"allow":["GET"]}}],"collection":[{"href":"https:\/\/portal.fgeo.gob.mx\/index.php\/wp-json\/wp\/v2\/desaparecidas"}],"about":[{"href":"https:\/\/portal.fgeo.gob.mx\/index.php\/wp-json\/wp\/v2\/types\/desaparecidas"}],"wp:featuredmedia":[{"embeddable":true,"href":"https:\/\/portal.fgeo.gob.mx\/index.php\/wp-json\/wp\/v2\/media\/18341"}],"wp:attachment":[{"href":"https:\/\/portal.fgeo.gob.mx\/index.php\/wp-json\/wp\/v2\/media?parent=2517"}],"wp:term":[{"taxonomy":"category","embeddable":true,"href":"https:\/\/portal.fgeo.gob.mx\/index.php\/wp-json\/wp\/v2\/categories?post=2517"},{"taxonomy":"post_tag","embeddable":true,"href":"https:\/\/portal.fgeo.gob.mx\/index.php\/wp-json\/wp\/v2\/tags?post=2517"},{"taxonomy":"ficha_genero","embeddable":true,"href":"https:\/\/portal.fgeo.gob.mx\/index.php\/wp-json\/wp\/v2\/ficha_genero?post=2517"},{"taxonomy":"ficha_fiscalia","embeddable":true,"href":"https:\/\/portal.fgeo.gob.mx\/index.php\/wp-json\/wp\/v2\/ficha_fiscalia?post=2517"},{"taxonomy":"ficha_estatus","embeddable":true,"href":"https:\/\/portal.fgeo.gob.mx\/index.php\/wp-json\/wp\/v2\/ficha_estatus?post=2517"}],"curies":[{"name":"wp","href":"https:\/\/api.w.org\/{rel}","templated":true}]}}

MINERVA GARCÍA GARCÍA.

<p><strong>NOMBRE: </strong><strong>MINERVA GARCÍA GARCÍA.</strong></p>
<p><strong>EDAD: 33 AÑOS AL MOMENTO DE LA AUSENCIA.        </strong></p>
<p><strong>FUE VISTA POR ÚLTIMA VEZ: EL DÍA 31 DE ENERO DE 2017, EN LA CIUDAD DE OAXACA DE JUÁREZ, OAXACA.</strong></p>
<p><strong>MEDIA FILIACIÓN: COMPLEXIÓN REGULAR, ESTATURA APROXIMADA 1.50 METROS, TEZ MORENA CLARA, CARA RECTANGULAR, FRENTE AMPLIA, CEJAS POBLADAS, OJOS MEDIANOS, DE IRIS COLOR CAFÉ OSCURO, NARIZ MEDIANA, BOCA MEDIANA, LABIOS DELGADOS, MENTÓN CUADRADO Y CABELLO LACIO, CORTO Y DE COLOR NEGRO.</strong></p>
<p><img fetchpriority="high" decoding="async" class="alignnone size-medium wp-image-18341" src="https://portal.fgeo.gob.mx/minio/pagina/wp-content/uploads/2020/01/Minerva-Garcia-Garcia-213x300.jpg" alt="" width="213" height="300" srcset="https://portal.fgeo.gob.mx/minio/pagina/wp-content/uploads/2020/01/Minerva-Garcia-Garcia-213x300.jpg 213w, https://portal.fgeo.gob.mx/minio/pagina/wp-content/uploads/2020/01/Minerva-Garcia-Garcia-727x1024.jpg 727w, https://portal.fgeo.gob.mx/minio/pagina/wp-content/uploads/2020/01/Minerva-Garcia-Garcia.jpg 754w" sizes="(max-width: 213px) 100vw, 213px" /></p>
