{"id":2507,"date":"2020-02-24T11:57:07","date_gmt":"2020-02-24T16:57:07","guid":{"rendered":"http:\/\/fge.oaxaca.gob.mx\/?post_type=desaparecidas&#038;p=2507"},"modified":"2025-10-15T13:18:13","modified_gmt":"2025-10-15T19:18:13","slug":"nabor-antonio-manzano","status":"publish","type":"desaparecidas","link":"https:\/\/portal.fgeo.gob.mx\/index.php\/archivos\/personas-desaparecidas\/nabor-antonio-manzano","title":{"rendered":"NABOR ANTONIO MANZANO."},"content":{"rendered":"<p><strong>NOMBRE: NABOR ANTONIO MANZANO.<\/strong><\/p>\n<p><strong>EDAD: 25 A\u00d1OS. <\/strong><\/p>\n<p><strong>FUE VISTO POR \u00daLTIMA VEZ: EL D\u00cdA 23 DE ENERO DE 2020, EN PLAYA VICENTE, VERACRUZ. <\/strong><\/p>\n<p><strong>SE\u00d1A PARTICULAR: TIENE UNA CICATRIZ EN EL DEDO MEDIO DE LA MANO IZQUIERDA.<\/strong><\/p>\n<p><strong>ROPA QUE VEST\u00cdA: CAMISA MANGA LARGA COLOR AZUL, PANTAL\u00d3N DE MEZCLILLA COLOR AZUL, CALZA HUARACHES COLOR CAOBA Y PORTA UNA CADENA COLOR AMARILLA CON UN DIJE DE SAN JUDAS TADEO Y UN RELOJ COLOR PLATA.\u00a0 <\/strong><\/p>\n<p><strong>MEDIA FILIACI\u00d3N: COMPLEXI\u00d3N DELGADA, ESTATURA APROXIMADA 1.50 METROS, TEZ MORENA CLARA, CARA OVALADA, FRENTE MEDIANA, CEJAS SEMIPOBLADAS, OJOS PEQUE\u00d1OS, DE IRIS COLOR CAF\u00c9 OSCURO, NARIZ MEDIANA, BOCA MEDIANA, MENT\u00d3N OVALADA Y CABELLO LACIO.<\/strong><\/p>\n<p><img fetchpriority=\"high\" decoding=\"async\" class=\"alignnone size-medium wp-image-18333\" src=\"https:\/\/portal.fgeo.gob.mx\/minio\/pagina\/wp-content\/uploads\/2020\/02\/Nabor-Antonio-Manzano-218x300.jpeg\" alt=\"\" width=\"218\" height=\"300\" srcset=\"https:\/\/portal.fgeo.gob.mx\/minio\/pagina\/wp-content\/uploads\/2020\/02\/Nabor-Antonio-Manzano-218x300.jpeg 218w, https:\/\/portal.fgeo.gob.mx\/minio\/pagina\/wp-content\/uploads\/2020\/02\/Nabor-Antonio-Manzano.jpeg 731w\" sizes=\"(max-width: 218px) 100vw, 218px\" \/><\/p>\n","protected":false},"featured_media":18333,"template":"","categories":[],"tags":[],"ficha_genero":[],"ficha_fiscalia":[],"ficha_estatus":[],"class_list":["post-2507","desaparecidas","type-desaparecidas","status-publish","has-post-thumbnail","hentry","tipo-dnol-dnol"],"acf":[],"mb":[],"mfb_rest_fields":["title","gutenberg_elementor_mode"],"_links":{"self":[{"href":"https:\/\/portal.fgeo.gob.mx\/index.php\/wp-json\/wp\/v2\/desaparecidas\/2507","targetHints":{"allow":["GET"]}}],"collection":[{"href":"https:\/\/portal.fgeo.gob.mx\/index.php\/wp-json\/wp\/v2\/desaparecidas"}],"about":[{"href":"https:\/\/portal.fgeo.gob.mx\/index.php\/wp-json\/wp\/v2\/types\/desaparecidas"}],"wp:featuredmedia":[{"embeddable":true,"href":"https:\/\/portal.fgeo.gob.mx\/index.php\/wp-json\/wp\/v2\/media\/18333"}],"wp:attachment":[{"href":"https:\/\/portal.fgeo.gob.mx\/index.php\/wp-json\/wp\/v2\/media?parent=2507"}],"wp:term":[{"taxonomy":"category","embeddable":true,"href":"https:\/\/portal.fgeo.gob.mx\/index.php\/wp-json\/wp\/v2\/categories?post=2507"},{"taxonomy":"post_tag","embeddable":true,"href":"https:\/\/portal.fgeo.gob.mx\/index.php\/wp-json\/wp\/v2\/tags?post=2507"},{"taxonomy":"ficha_genero","embeddable":true,"href":"https:\/\/portal.fgeo.gob.mx\/index.php\/wp-json\/wp\/v2\/ficha_genero?post=2507"},{"taxonomy":"ficha_fiscalia","embeddable":true,"href":"https:\/\/portal.fgeo.gob.mx\/index.php\/wp-json\/wp\/v2\/ficha_fiscalia?post=2507"},{"taxonomy":"ficha_estatus","embeddable":true,"href":"https:\/\/portal.fgeo.gob.mx\/index.php\/wp-json\/wp\/v2\/ficha_estatus?post=2507"}],"curies":[{"name":"wp","href":"https:\/\/api.w.org\/{rel}","templated":true}]}}

<p><strong>NOMBRE: NABOR ANTONIO MANZANO.</strong></p>
<p><strong>EDAD: 25 AÑOS. </strong></p>
<p><strong>FUE VISTO POR ÚLTIMA VEZ: EL DÍA 23 DE ENERO DE 2020, EN PLAYA VICENTE, VERACRUZ. </strong></p>
<p><strong>SEÑA PARTICULAR: TIENE UNA CICATRIZ EN EL DEDO MEDIO DE LA MANO IZQUIERDA.</strong></p>
<p><strong>ROPA QUE VESTÍA: CAMISA MANGA LARGA COLOR AZUL, PANTALÓN DE MEZCLILLA COLOR AZUL, CALZA HUARACHES COLOR CAOBA Y PORTA UNA CADENA COLOR AMARILLA CON UN DIJE DE SAN JUDAS TADEO Y UN RELOJ COLOR PLATA.  </strong></p>
<p><strong>MEDIA FILIACIÓN: COMPLEXIÓN DELGADA, ESTATURA APROXIMADA 1.50 METROS, TEZ MORENA CLARA, CARA OVALADA, FRENTE MEDIANA, CEJAS SEMIPOBLADAS, OJOS PEQUEÑOS, DE IRIS COLOR CAFÉ OSCURO, NARIZ MEDIANA, BOCA MEDIANA, MENTÓN OVALADA Y CABELLO LACIO.</strong></p>
<p><img fetchpriority="high" decoding="async" class="alignnone size-medium wp-image-18333" src="https://portal.fgeo.gob.mx/minio/pagina/wp-content/uploads/2020/02/Nabor-Antonio-Manzano-218x300.jpeg" alt="" width="218" height="300" srcset="https://portal.fgeo.gob.mx/minio/pagina/wp-content/uploads/2020/02/Nabor-Antonio-Manzano-218x300.jpeg 218w, https://portal.fgeo.gob.mx/minio/pagina/wp-content/uploads/2020/02/Nabor-Antonio-Manzano.jpeg 731w" sizes="(max-width: 218px) 100vw, 218px" /></p>
