{"id":2506,"date":"2020-02-24T11:46:43","date_gmt":"2020-02-24T16:46:43","guid":{"rendered":"http:\/\/fge.oaxaca.gob.mx\/?post_type=desaparecidas&#038;p=2506"},"modified":"2025-10-15T13:20:57","modified_gmt":"2025-10-15T19:20:57","slug":"alexis-marin-ramirez","status":"publish","type":"desaparecidas","link":"https:\/\/portal.fgeo.gob.mx\/index.php\/archivos\/personas-desaparecidas\/alexis-marin-ramirez","title":{"rendered":"ALEXIS MAR\u00cdN RAM\u00cdREZ."},"content":{"rendered":"<p><strong>NOMBRE: <\/strong><strong>ALEXIS MAR\u00cdN RAM\u00cdREZ.<\/strong><\/p>\n<p><strong>EDAD: 22 A\u00d1OS.\u00a0\u00a0\u00a0\u00a0\u00a0\u00a0\u00a0 <\/strong><\/p>\n<p><strong>FUE VISTO POR \u00daLTIMA VEZ: EL D\u00cdA 07 DE NOVIEMBRE DEL 2017, EN LA AGENCIA MUNICIPAL PALO DE LETRA, EN LA HEROICA CIUDAD DE TLAXIACO, OAXACA.<\/strong><\/p>\n<p><strong>SE\u00d1AS PARTICULARES: TIENE UNA CICATRIZ UBICADA EN LA CEJA IZQUIERDA Y\u00a0 UN LUNAR EN LA ESPALDA BAJA, EN SU COSTADO DERECHO. <\/strong><\/p>\n<p><strong>ROPA QUE VEST\u00cdA: CAMISETA COLOR BLANCA, <\/strong><strong>SUDADERA color negro CON GORRO Y EL LOGOTIPO DE LA MARCA \u201cUNDER ARMOUR\u201d AL FRENTE EN COLOR PLATA, PANTAL\u00d3N DE MEZCLILLA COLOR AZUL Y\u00a0 CALZA ZAPATOS COLOR NEGRO CON AGUJETAS. <\/strong><\/p>\n<p><strong>MEDIA FILIACI\u00d3N: COMPLEXI\u00d3N DELGADA, ESTATURA APROXIMADA 1.70 METROS, TEZ MORENA CLARA, CARA OVALADA, FRENTE AMPLIA, CEJAS SEMIPOBLADAS, OJOS PEQUE\u00d1OS Y RASGADOS, DE IRIS COLOR CAF\u00c9 CLARO, NARIZ MEDIANA, BOCA MEDIANA, LABIOS DELGADOS, MENT\u00d3N OVALADO Y CABELLO ONDULADO, CORTO Y DE COLOR CASTA\u00d1O CLARO.<\/strong><\/p>\n<p><img fetchpriority=\"high\" decoding=\"async\" class=\"alignnone size-medium wp-image-18334\" src=\"https:\/\/portal.fgeo.gob.mx\/minio\/pagina\/wp-content\/uploads\/2020\/02\/Alexis-Marin-Ramirez-300x249.jpg\" alt=\"\" width=\"300\" height=\"249\" srcset=\"https:\/\/portal.fgeo.gob.mx\/minio\/pagina\/wp-content\/uploads\/2020\/02\/Alexis-Marin-Ramirez-300x249.jpg 300w, https:\/\/portal.fgeo.gob.mx\/minio\/pagina\/wp-content\/uploads\/2020\/02\/Alexis-Marin-Ramirez-1024x851.jpg 1024w, https:\/\/portal.fgeo.gob.mx\/minio\/pagina\/wp-content\/uploads\/2020\/02\/Alexis-Marin-Ramirez-768x638.jpg 768w, https:\/\/portal.fgeo.gob.mx\/minio\/pagina\/wp-content\/uploads\/2020\/02\/Alexis-Marin-Ramirez.jpg 1077w\" sizes=\"(max-width: 300px) 100vw, 300px\" \/><\/p>\n","protected":false},"featured_media":18334,"template":"","categories":[],"tags":[],"ficha_genero":[],"ficha_fiscalia":[],"ficha_estatus":[],"class_list":["post-2506","desaparecidas","type-desaparecidas","status-publish","has-post-thumbnail","hentry","tipo-dnol-dnol"],"acf":[],"mb":[],"mfb_rest_fields":["title","gutenberg_elementor_mode"],"_links":{"self":[{"href":"https:\/\/portal.fgeo.gob.mx\/index.php\/wp-json\/wp\/v2\/desaparecidas\/2506","targetHints":{"allow":["GET"]}}],"collection":[{"href":"https:\/\/portal.fgeo.gob.mx\/index.php\/wp-json\/wp\/v2\/desaparecidas"}],"about":[{"href":"https:\/\/portal.fgeo.gob.mx\/index.php\/wp-json\/wp\/v2\/types\/desaparecidas"}],"wp:featuredmedia":[{"embeddable":true,"href":"https:\/\/portal.fgeo.gob.mx\/index.php\/wp-json\/wp\/v2\/media\/18334"}],"wp:attachment":[{"href":"https:\/\/portal.fgeo.gob.mx\/index.php\/wp-json\/wp\/v2\/media?parent=2506"}],"wp:term":[{"taxonomy":"category","embeddable":true,"href":"https:\/\/portal.fgeo.gob.mx\/index.php\/wp-json\/wp\/v2\/categories?post=2506"},{"taxonomy":"post_tag","embeddable":true,"href":"https:\/\/portal.fgeo.gob.mx\/index.php\/wp-json\/wp\/v2\/tags?post=2506"},{"taxonomy":"ficha_genero","embeddable":true,"href":"https:\/\/portal.fgeo.gob.mx\/index.php\/wp-json\/wp\/v2\/ficha_genero?post=2506"},{"taxonomy":"ficha_fiscalia","embeddable":true,"href":"https:\/\/portal.fgeo.gob.mx\/index.php\/wp-json\/wp\/v2\/ficha_fiscalia?post=2506"},{"taxonomy":"ficha_estatus","embeddable":true,"href":"https:\/\/portal.fgeo.gob.mx\/index.php\/wp-json\/wp\/v2\/ficha_estatus?post=2506"}],"curies":[{"name":"wp","href":"https:\/\/api.w.org\/{rel}","templated":true}]}}

ALEXIS MARÍN RAMÍREZ.

<p><strong>NOMBRE: </strong><strong>ALEXIS MARÍN RAMÍREZ.</strong></p>
<p><strong>EDAD: 22 AÑOS.        </strong></p>
<p><strong>FUE VISTO POR ÚLTIMA VEZ: EL DÍA 07 DE NOVIEMBRE DEL 2017, EN LA AGENCIA MUNICIPAL PALO DE LETRA, EN LA HEROICA CIUDAD DE TLAXIACO, OAXACA.</strong></p>
<p><strong>SEÑAS PARTICULARES: TIENE UNA CICATRIZ UBICADA EN LA CEJA IZQUIERDA Y  UN LUNAR EN LA ESPALDA BAJA, EN SU COSTADO DERECHO. </strong></p>
<p><strong>ROPA QUE VESTÍA: CAMISETA COLOR BLANCA, </strong><strong>SUDADERA color negro CON GORRO Y EL LOGOTIPO DE LA MARCA “UNDER ARMOUR” AL FRENTE EN COLOR PLATA, PANTALÓN DE MEZCLILLA COLOR AZUL Y  CALZA ZAPATOS COLOR NEGRO CON AGUJETAS. </strong></p>
<p><strong>MEDIA FILIACIÓN: COMPLEXIÓN DELGADA, ESTATURA APROXIMADA 1.70 METROS, TEZ MORENA CLARA, CARA OVALADA, FRENTE AMPLIA, CEJAS SEMIPOBLADAS, OJOS PEQUEÑOS Y RASGADOS, DE IRIS COLOR CAFÉ CLARO, NARIZ MEDIANA, BOCA MEDIANA, LABIOS DELGADOS, MENTÓN OVALADO Y CABELLO ONDULADO, CORTO Y DE COLOR CASTAÑO CLARO.</strong></p>
<p><img fetchpriority="high" decoding="async" class="alignnone size-medium wp-image-18334" src="https://portal.fgeo.gob.mx/minio/pagina/wp-content/uploads/2020/02/Alexis-Marin-Ramirez-300x249.jpg" alt="" width="300" height="249" srcset="https://portal.fgeo.gob.mx/minio/pagina/wp-content/uploads/2020/02/Alexis-Marin-Ramirez-300x249.jpg 300w, https://portal.fgeo.gob.mx/minio/pagina/wp-content/uploads/2020/02/Alexis-Marin-Ramirez-1024x851.jpg 1024w, https://portal.fgeo.gob.mx/minio/pagina/wp-content/uploads/2020/02/Alexis-Marin-Ramirez-768x638.jpg 768w, https://portal.fgeo.gob.mx/minio/pagina/wp-content/uploads/2020/02/Alexis-Marin-Ramirez.jpg 1077w" sizes="(max-width: 300px) 100vw, 300px" /></p>
