{"id":2499,"date":"2020-02-22T15:05:16","date_gmt":"2020-02-22T20:05:16","guid":{"rendered":"http:\/\/fge.oaxaca.gob.mx\/?post_type=desaparecidas&#038;p=2499"},"modified":"2025-10-15T13:58:38","modified_gmt":"2025-10-15T19:58:38","slug":"maurilio-gonzalez-castro","status":"publish","type":"desaparecidas","link":"https:\/\/portal.fgeo.gob.mx\/index.php\/archivos\/personas-desaparecidas\/maurilio-gonzalez-castro","title":{"rendered":"MAURILIO GONZ\u00c1LEZ CASTRO."},"content":{"rendered":"<p><strong>NOMBRE: <\/strong><strong>MAURILIO GONZ\u00c1LEZ CASTRO<\/strong><strong>.<\/strong><strong>\u00a0<\/strong><\/p>\n<p><strong>EDAD: 56 A\u00d1OS.<\/strong><strong>\u00a0<\/strong><\/p>\n<p><strong>FUE VISTO POR \u00daLTIMA VEZ: EL D\u00cdA 24 DE NOVIEMBRE DE 2019, EN LA ALCALD\u00cdA XOCHIMILCO, DE LA CIUDAD DE M\u00c9XICO.<\/strong><strong>\u00a0<\/strong><\/p>\n<p><strong>SE\u00d1AS PARTICULARES: TIENE LIGERA PAR\u00c1LISIS FACIAL, ENDODONCIA EN EL PREMOLAR SUPERIOR DERECHO, AUSENCIA DE DIENTE INCISIVO CENTRAL DERECHO, PR\u00d3TESIS DENTAL DE ACR\u00cdLICO-METAL DE TRES INCISIVOS SUPERIORES, TIENE LUNAR ROJO EN LA NARIZ AL NIVEL DE LOS OJOS Y POR LO GENERAL USA UN ESCAPULARIO DEL SE\u00d1OR DE CHALMA.<\/strong><strong>\u00a0<\/strong><\/p>\n<p><strong>MEDIA FILIACI\u00d3N: COMPLEXI\u00d3N ROBUSTA, ESTATURA APROXIMADA 1.77 METROS, TEZ MORENA CLARA, CARA OVALADA, FRENTE AMPLIA, CEJAS ESCASAS, OJOS MEDIANOS, DE IRIS COLOR CAF\u00c9 OSCURO, NARIZ GRANDE, DE BASE REGULAR, BOCA MEDIANA, LABIOS SEMIGRUESOS, MENT\u00d3N REDONDO Y CABELLO LACIO, CORTO Y DE COLOR NEGRO.<\/strong><\/p>\n<p><img fetchpriority=\"high\" decoding=\"async\" class=\"alignnone size-medium wp-image-18338\" src=\"https:\/\/portal.fgeo.gob.mx\/minio\/pagina\/wp-content\/uploads\/2020\/02\/Maurilio-Gonzalez-Castro-300x228.jpg\" alt=\"\" width=\"300\" height=\"228\" srcset=\"https:\/\/portal.fgeo.gob.mx\/minio\/pagina\/wp-content\/uploads\/2020\/02\/Maurilio-Gonzalez-Castro-300x228.jpg 300w, https:\/\/portal.fgeo.gob.mx\/minio\/pagina\/wp-content\/uploads\/2020\/02\/Maurilio-Gonzalez-Castro-1024x777.jpg 1024w, https:\/\/portal.fgeo.gob.mx\/minio\/pagina\/wp-content\/uploads\/2020\/02\/Maurilio-Gonzalez-Castro-768x582.jpg 768w, https:\/\/portal.fgeo.gob.mx\/minio\/pagina\/wp-content\/uploads\/2020\/02\/Maurilio-Gonzalez-Castro.jpg 1109w\" sizes=\"(max-width: 300px) 100vw, 300px\" \/><\/p>\n","protected":false},"featured_media":18338,"template":"","categories":[],"tags":[],"ficha_genero":[],"ficha_fiscalia":[],"ficha_estatus":[],"class_list":["post-2499","desaparecidas","type-desaparecidas","status-publish","has-post-thumbnail","hentry","tipo-dnol-dnol"],"acf":[],"mb":[],"mfb_rest_fields":["title","gutenberg_elementor_mode"],"_links":{"self":[{"href":"https:\/\/portal.fgeo.gob.mx\/index.php\/wp-json\/wp\/v2\/desaparecidas\/2499","targetHints":{"allow":["GET"]}}],"collection":[{"href":"https:\/\/portal.fgeo.gob.mx\/index.php\/wp-json\/wp\/v2\/desaparecidas"}],"about":[{"href":"https:\/\/portal.fgeo.gob.mx\/index.php\/wp-json\/wp\/v2\/types\/desaparecidas"}],"wp:featuredmedia":[{"embeddable":true,"href":"https:\/\/portal.fgeo.gob.mx\/index.php\/wp-json\/wp\/v2\/media\/18338"}],"wp:attachment":[{"href":"https:\/\/portal.fgeo.gob.mx\/index.php\/wp-json\/wp\/v2\/media?parent=2499"}],"wp:term":[{"taxonomy":"category","embeddable":true,"href":"https:\/\/portal.fgeo.gob.mx\/index.php\/wp-json\/wp\/v2\/categories?post=2499"},{"taxonomy":"post_tag","embeddable":true,"href":"https:\/\/portal.fgeo.gob.mx\/index.php\/wp-json\/wp\/v2\/tags?post=2499"},{"taxonomy":"ficha_genero","embeddable":true,"href":"https:\/\/portal.fgeo.gob.mx\/index.php\/wp-json\/wp\/v2\/ficha_genero?post=2499"},{"taxonomy":"ficha_fiscalia","embeddable":true,"href":"https:\/\/portal.fgeo.gob.mx\/index.php\/wp-json\/wp\/v2\/ficha_fiscalia?post=2499"},{"taxonomy":"ficha_estatus","embeddable":true,"href":"https:\/\/portal.fgeo.gob.mx\/index.php\/wp-json\/wp\/v2\/ficha_estatus?post=2499"}],"curies":[{"name":"wp","href":"https:\/\/api.w.org\/{rel}","templated":true}]}}

MAURILIO GONZÁLEZ CASTRO.

<p><strong>NOMBRE: </strong><strong>MAURILIO GONZÁLEZ CASTRO</strong><strong>.</strong><strong> </strong></p>
<p><strong>EDAD: 56 AÑOS.</strong><strong> </strong></p>
<p><strong>FUE VISTO POR ÚLTIMA VEZ: EL DÍA 24 DE NOVIEMBRE DE 2019, EN LA ALCALDÍA XOCHIMILCO, DE LA CIUDAD DE MÉXICO.</strong><strong> </strong></p>
<p><strong>SEÑAS PARTICULARES: TIENE LIGERA PARÁLISIS FACIAL, ENDODONCIA EN EL PREMOLAR SUPERIOR DERECHO, AUSENCIA DE DIENTE INCISIVO CENTRAL DERECHO, PRÓTESIS DENTAL DE ACRÍLICO-METAL DE TRES INCISIVOS SUPERIORES, TIENE LUNAR ROJO EN LA NARIZ AL NIVEL DE LOS OJOS Y POR LO GENERAL USA UN ESCAPULARIO DEL SEÑOR DE CHALMA.</strong><strong> </strong></p>
<p><strong>MEDIA FILIACIÓN: COMPLEXIÓN ROBUSTA, ESTATURA APROXIMADA 1.77 METROS, TEZ MORENA CLARA, CARA OVALADA, FRENTE AMPLIA, CEJAS ESCASAS, OJOS MEDIANOS, DE IRIS COLOR CAFÉ OSCURO, NARIZ GRANDE, DE BASE REGULAR, BOCA MEDIANA, LABIOS SEMIGRUESOS, MENTÓN REDONDO Y CABELLO LACIO, CORTO Y DE COLOR NEGRO.</strong></p>
<p><img fetchpriority="high" decoding="async" class="alignnone size-medium wp-image-18338" src="https://portal.fgeo.gob.mx/minio/pagina/wp-content/uploads/2020/02/Maurilio-Gonzalez-Castro-300x228.jpg" alt="" width="300" height="228" srcset="https://portal.fgeo.gob.mx/minio/pagina/wp-content/uploads/2020/02/Maurilio-Gonzalez-Castro-300x228.jpg 300w, https://portal.fgeo.gob.mx/minio/pagina/wp-content/uploads/2020/02/Maurilio-Gonzalez-Castro-1024x777.jpg 1024w, https://portal.fgeo.gob.mx/minio/pagina/wp-content/uploads/2020/02/Maurilio-Gonzalez-Castro-768x582.jpg 768w, https://portal.fgeo.gob.mx/minio/pagina/wp-content/uploads/2020/02/Maurilio-Gonzalez-Castro.jpg 1109w" sizes="(max-width: 300px) 100vw, 300px" /></p>
