{"id":17451,"date":"2022-04-21T15:31:17","date_gmt":"2022-04-21T20:31:17","guid":{"rendered":"http:\/\/fge.oaxaca.gob.mx\/?post_type=desaparecidas&#038;p=4242"},"modified":"2026-04-16T11:35:43","modified_gmt":"2026-04-16T17:35:43","slug":"rene-alejandro-cruz-esteban","status":"publish","type":"desaparecidas","link":"https:\/\/portal.fgeo.gob.mx\/index.php\/archivos\/personas-desaparecidas\/rene-alejandro-cruz-esteban","title":{"rendered":"REN\u00c9 ALEJANDRO CRUZ ESTEBAN"},"content":{"rendered":"<p><strong>EDAD: 26 A\u00d1OS, AL MOMENTO DE SU AUSENCIA.<\/strong><\/p>\n<p><strong>FUE VISTO POR \u00daLTIMA VEZ: EL D\u00cdA 01 DE SEPTIEMBRE DE 2017, EN SANTA ROSA PANZACOLA, OAXACA DE JU\u00c1REZ, OAXACA.<\/strong><\/p>\n<p><strong>SE\u00d1A PARTICULAR: LUNAR EN HOMBRO IZQUIERDO<\/strong><strong>. <\/strong><\/p>\n<p><strong>ROPA QUE VEST\u00cdA: PLAYERA COLOR ROJO, PANTAL\u00d3N DE MEZCLILLA COLOR AZUL Y CALZA ZAPATOS DE GAMUZA COLOR CAF\u00c9.<\/strong><\/p>\n<p><strong>MEDIA FILIACI\u00d3N: COMPLEXI\u00d3N REGULAR, ESTATURA APROXIMADA 1.80 METROS, TEZ MORENA CLARA, CARA REDONDA, FRENTE MEDIANA, CEJAS POBLADAS, OJOS MEDIANOS DE IRIS COLOR CAF\u00c9 OBSCURO, NARIZ MEDIANA DE BASE ANCHA, BOCA MEDIANA, LABIOS SEMIGRUESOS, MENT\u00d3N OVALADO Y CABELLO LACIO, CON CORTO Y COLOR NEGRO<\/strong><strong>.<\/strong><\/p>\n<p>&nbsp;<\/p>\n","protected":false},"featured_media":18086,"template":"","categories":[],"tags":[],"ficha_genero":[],"ficha_fiscalia":[],"ficha_estatus":[],"class_list":["post-17451","desaparecidas","type-desaparecidas","status-publish","has-post-thumbnail","hentry","tipo-dnol-dnol"],"acf":[],"mb":[],"mfb_rest_fields":["title","gutenberg_elementor_mode"],"_links":{"self":[{"href":"https:\/\/portal.fgeo.gob.mx\/index.php\/wp-json\/wp\/v2\/desaparecidas\/17451","targetHints":{"allow":["GET"]}}],"collection":[{"href":"https:\/\/portal.fgeo.gob.mx\/index.php\/wp-json\/wp\/v2\/desaparecidas"}],"about":[{"href":"https:\/\/portal.fgeo.gob.mx\/index.php\/wp-json\/wp\/v2\/types\/desaparecidas"}],"wp:featuredmedia":[{"embeddable":true,"href":"https:\/\/portal.fgeo.gob.mx\/index.php\/wp-json\/wp\/v2\/media\/18086"}],"wp:attachment":[{"href":"https:\/\/portal.fgeo.gob.mx\/index.php\/wp-json\/wp\/v2\/media?parent=17451"}],"wp:term":[{"taxonomy":"category","embeddable":true,"href":"https:\/\/portal.fgeo.gob.mx\/index.php\/wp-json\/wp\/v2\/categories?post=17451"},{"taxonomy":"post_tag","embeddable":true,"href":"https:\/\/portal.fgeo.gob.mx\/index.php\/wp-json\/wp\/v2\/tags?post=17451"},{"taxonomy":"ficha_genero","embeddable":true,"href":"https:\/\/portal.fgeo.gob.mx\/index.php\/wp-json\/wp\/v2\/ficha_genero?post=17451"},{"taxonomy":"ficha_fiscalia","embeddable":true,"href":"https:\/\/portal.fgeo.gob.mx\/index.php\/wp-json\/wp\/v2\/ficha_fiscalia?post=17451"},{"taxonomy":"ficha_estatus","embeddable":true,"href":"https:\/\/portal.fgeo.gob.mx\/index.php\/wp-json\/wp\/v2\/ficha_estatus?post=17451"}],"curies":[{"name":"wp","href":"https:\/\/api.w.org\/{rel}","templated":true}]}}

RENÉ ALEJANDRO CRUZ ESTEBAN

<p><strong>EDAD: 26 AÑOS, AL MOMENTO DE SU AUSENCIA.</strong></p>
<p><strong>FUE VISTO POR ÚLTIMA VEZ: EL DÍA 01 DE SEPTIEMBRE DE 2017, EN SANTA ROSA PANZACOLA, OAXACA DE JUÁREZ, OAXACA.</strong></p>
<p><strong>SEÑA PARTICULAR: LUNAR EN HOMBRO IZQUIERDO</strong><strong>. </strong></p>
<p><strong>ROPA QUE VESTÍA: PLAYERA COLOR ROJO, PANTALÓN DE MEZCLILLA COLOR AZUL Y CALZA ZAPATOS DE GAMUZA COLOR CAFÉ.</strong></p>
<p><strong>MEDIA FILIACIÓN: COMPLEXIÓN REGULAR, ESTATURA APROXIMADA 1.80 METROS, TEZ MORENA CLARA, CARA REDONDA, FRENTE MEDIANA, CEJAS POBLADAS, OJOS MEDIANOS DE IRIS COLOR CAFÉ OBSCURO, NARIZ MEDIANA DE BASE ANCHA, BOCA MEDIANA, LABIOS SEMIGRUESOS, MENTÓN OVALADO Y CABELLO LACIO, CON CORTO Y COLOR NEGRO</strong><strong>.</strong></p>
<p>&nbsp;</p>
