{"id":17449,"date":"2022-03-22T15:09:27","date_gmt":"2022-03-22T21:09:27","guid":{"rendered":"http:\/\/fge.oaxaca.gob.mx\/?post_type=desaparecidas&#038;p=4145"},"modified":"2025-11-28T11:32:29","modified_gmt":"2025-11-28T17:32:29","slug":"angel-augusto-guevara-patino","status":"publish","type":"desaparecidas","link":"https:\/\/portal.fgeo.gob.mx\/index.php\/archivos\/personas-desaparecidas\/angel-augusto-guevara-patino","title":{"rendered":"\u00c1NGEL AUGUSTO GUEVARA PATI\u00d1O"},"content":{"rendered":"<p><strong>NOMBRE:<\/strong> <strong>\u00c1NGEL AUGUSTO GUEVARA PATI\u00d1O<\/strong><strong>.<\/strong><\/p>\n<p><strong>EDAD: 26 A\u00d1OS. <\/strong><\/p>\n<p><strong>FUE VISTO POR \u00daLTIMA VEZ: EL D\u00cdA 16 DE FEBRERO DE 2022, EN OCOTL\u00c1N DE MORELOS, OAXACA, A BORDO DE UNA MOTOCICLETA MARCA ITALIKA DE COLOR AZUL CON NEGRO Y VERDE.<\/strong><\/p>\n<p><strong>ROPA QUE VISTE: SUDADERA, PANTAL\u00d3N DE MEZCLILLA COLOR AZUL, CALZA TENIS MARCA PIRMA DE COLOR NEGRO CON SUELA COLOR BLANCA Y CASCO DE MOTOCICLISTA COLOR NEGRO CON LUZ LED EN LA PARTE POSTERIOR.<\/strong><\/p>\n<p><strong>EN EL BRAZO IZQUIERDO TIENE LOS OJOS DE UNA NI\u00d1A Y DEBAJO EL NOMBRE \u201cVALERIA\u201d, UNAS ROSAS Y\u00a0 EN MEDIO LA CARA DE UN LE\u00d3N Y A UN COSTADO UNA BR\u00daJULA, UN M\u00c1NDALA, UNA NOTA MUSICAL Y OTRAS FIGURAS; EN EL LADO DERECHO DEL CUELLO TIENE LA PALABRA \u201cRESILIENCIA\u201d, UN CORAZ\u00d3N Y LETRAS \u201cS\u201d Y \u201cV\u201d, EN EL COSTADO DERECHO, A LA ALTURA DE SUS COSTILLAS, LA FIGURA DE UN SOL Y LA LETRA \u201cV\u201d; DEBAJO DE LA NUCA, LA BANDERA DE COLOMBIA CON LA LEYENDA \u201cMADE IN COLOMBIA\u201d Y UNA FECHA EN N\u00daMEROS ROMANOS, LUNAR EN EL P\u00d3MULO IZQUIERDO CERA DE LA NARIZ; EN LOS NUDILLOS DE AMBAS MANOS TIENE CALLOSIDADES Y CICATRIZ EN EL DEDO \u00cdNDICE DERECHO <\/strong><\/p>\n<p><strong>MEDIA FILIACI\u00d3N: COMPLEXI\u00d3N ROBUSTA, MIDE 1.78 METROS, TEZ BLANCA, CARA REDONDA, FRENTE MEDIANA, CEJAS SEMIPOBLADAS, OJOS GRANDES, DE IRIS DE LOS OJOS COLOR CAF\u00c9 CLARO, NARIZ MEDIANA CON BASE ANCHA, BOCA PEQUE\u00d1A, LABIOS DELGADOS, MENT\u00d3N OVALADO Y CABELLO TIPO LACIO, COLOR NEGRO Y CORTO.<\/strong><\/p>\n<p>&nbsp;<\/p>\n","protected":false},"featured_media":18087,"template":"","categories":[],"tags":[],"ficha_genero":[],"ficha_fiscalia":[],"ficha_estatus":[],"class_list":["post-17449","desaparecidas","type-desaparecidas","status-publish","has-post-thumbnail","hentry","tipo-dnol-dnol"],"acf":[],"mb":[],"mfb_rest_fields":["title","gutenberg_elementor_mode"],"_links":{"self":[{"href":"https:\/\/portal.fgeo.gob.mx\/index.php\/wp-json\/wp\/v2\/desaparecidas\/17449","targetHints":{"allow":["GET"]}}],"collection":[{"href":"https:\/\/portal.fgeo.gob.mx\/index.php\/wp-json\/wp\/v2\/desaparecidas"}],"about":[{"href":"https:\/\/portal.fgeo.gob.mx\/index.php\/wp-json\/wp\/v2\/types\/desaparecidas"}],"wp:featuredmedia":[{"embeddable":true,"href":"https:\/\/portal.fgeo.gob.mx\/index.php\/wp-json\/wp\/v2\/media\/18087"}],"wp:attachment":[{"href":"https:\/\/portal.fgeo.gob.mx\/index.php\/wp-json\/wp\/v2\/media?parent=17449"}],"wp:term":[{"taxonomy":"category","embeddable":true,"href":"https:\/\/portal.fgeo.gob.mx\/index.php\/wp-json\/wp\/v2\/categories?post=17449"},{"taxonomy":"post_tag","embeddable":true,"href":"https:\/\/portal.fgeo.gob.mx\/index.php\/wp-json\/wp\/v2\/tags?post=17449"},{"taxonomy":"ficha_genero","embeddable":true,"href":"https:\/\/portal.fgeo.gob.mx\/index.php\/wp-json\/wp\/v2\/ficha_genero?post=17449"},{"taxonomy":"ficha_fiscalia","embeddable":true,"href":"https:\/\/portal.fgeo.gob.mx\/index.php\/wp-json\/wp\/v2\/ficha_fiscalia?post=17449"},{"taxonomy":"ficha_estatus","embeddable":true,"href":"https:\/\/portal.fgeo.gob.mx\/index.php\/wp-json\/wp\/v2\/ficha_estatus?post=17449"}],"curies":[{"name":"wp","href":"https:\/\/api.w.org\/{rel}","templated":true}]}}

ÁNGEL AUGUSTO GUEVARA PATIÑO

<p><strong>NOMBRE:</strong> <strong>ÁNGEL AUGUSTO GUEVARA PATIÑO</strong><strong>.</strong></p>
<p><strong>EDAD: 26 AÑOS. </strong></p>
<p><strong>FUE VISTO POR ÚLTIMA VEZ: EL DÍA 16 DE FEBRERO DE 2022, EN OCOTLÁN DE MORELOS, OAXACA, A BORDO DE UNA MOTOCICLETA MARCA ITALIKA DE COLOR AZUL CON NEGRO Y VERDE.</strong></p>
<p><strong>ROPA QUE VISTE: SUDADERA, PANTALÓN DE MEZCLILLA COLOR AZUL, CALZA TENIS MARCA PIRMA DE COLOR NEGRO CON SUELA COLOR BLANCA Y CASCO DE MOTOCICLISTA COLOR NEGRO CON LUZ LED EN LA PARTE POSTERIOR.</strong></p>
<p><strong>EN EL BRAZO IZQUIERDO TIENE LOS OJOS DE UNA NIÑA Y DEBAJO EL NOMBRE “VALERIA”, UNAS ROSAS Y  EN MEDIO LA CARA DE UN LEÓN Y A UN COSTADO UNA BRÚJULA, UN MÁNDALA, UNA NOTA MUSICAL Y OTRAS FIGURAS; EN EL LADO DERECHO DEL CUELLO TIENE LA PALABRA “RESILIENCIA”, UN CORAZÓN Y LETRAS “S” Y “V”, EN EL COSTADO DERECHO, A LA ALTURA DE SUS COSTILLAS, LA FIGURA DE UN SOL Y LA LETRA “V”; DEBAJO DE LA NUCA, LA BANDERA DE COLOMBIA CON LA LEYENDA “MADE IN COLOMBIA” Y UNA FECHA EN NÚMEROS ROMANOS, LUNAR EN EL PÓMULO IZQUIERDO CERA DE LA NARIZ; EN LOS NUDILLOS DE AMBAS MANOS TIENE CALLOSIDADES Y CICATRIZ EN EL DEDO ÍNDICE DERECHO </strong></p>
<p><strong>MEDIA FILIACIÓN: COMPLEXIÓN ROBUSTA, MIDE 1.78 METROS, TEZ BLANCA, CARA REDONDA, FRENTE MEDIANA, CEJAS SEMIPOBLADAS, OJOS GRANDES, DE IRIS DE LOS OJOS COLOR CAFÉ CLARO, NARIZ MEDIANA CON BASE ANCHA, BOCA PEQUEÑA, LABIOS DELGADOS, MENTÓN OVALADO Y CABELLO TIPO LACIO, COLOR NEGRO Y CORTO.</strong></p>
<p>&nbsp;</p>
