{"id":17448,"date":"2022-03-22T12:38:16","date_gmt":"2022-03-22T18:38:16","guid":{"rendered":"http:\/\/fge.oaxaca.gob.mx\/?post_type=desaparecidas&#038;p=4144"},"modified":"2025-11-28T11:33:44","modified_gmt":"2025-11-28T17:33:44","slug":"jesus-alejandro-gonzalez-gomez","status":"publish","type":"desaparecidas","link":"https:\/\/portal.fgeo.gob.mx\/index.php\/archivos\/personas-desaparecidas\/jesus-alejandro-gonzalez-gomez","title":{"rendered":"JES\u00daS ALEJANDRO GONZ\u00c1LEZ G\u00d3MEZ"},"content":{"rendered":"<p><strong>NOMBRE: JES\u00daS ALEJANDRO GONZ\u00c1LEZ G\u00d3MEZ.<\/strong><\/p>\n<p><strong>EDAD: 36 A\u00d1OS<\/strong><\/p>\n<p><strong>FUE VISTO POR \u00daLTIMA VEZ: EL D\u00cdA 24 DE ENERO DE 2022, EN LA COLONIA ADOLFO L\u00d3PEZ MATEOS, OAXACA DE JU\u00c1REZ, OAXACA. <\/strong><\/p>\n<p><strong>SE\u00d1AS PARTICULARES: TIENE UN LUNAR EN LA PARTE FRONTAL DEL CUELLO; AUSENCIA DE UN DIENTE INCISIVO SUPERIOR Y PEQUE\u00d1A MANCHA COLOR CAF\u00c9 UBICADA EN LA CEJA IZQUIERDA, CERCA DEL SIEN.<\/strong><\/p>\n<p><strong>ROPA QUE VISTE: SUDADERA COLOR NEGRA, CON GORRO, MARCA ADIDAS; PLAYERA COLOR AZUL OPACO MARCA POLO, LA CUAL TIENE UNA LETRA \u201cC\u201d DE COLOR BLANCO EN UNA DE SUS MANGAS; BERMUDA COLOR BEIGE CON BOLSAS A LOS COSTADOS Y TENIS COLOR AZUL MARINO Y GORRA DE COLOR NEGRA CON GRIS<\/strong><\/p>\n<p><strong>MEDIA FILIACI\u00d3N: COMPLEXI\u00d3N ROBUSTA, ESTATURA APROXIMADA 1.58 METROS, TEZ MORENA CLARA, CARA OVALADA, FRENTE AMPLIA, CEJAS SEMIPOBLADAS, OJOS GRANDES, DE IRIS COLOR CAF\u00c9 OSCURO, NARIZ GRANDE, DE BASE AMPLIA, BOCA GRANDE, LABIOS SEMIGRUESOS, MENT\u00d3N OVALADO Y CABELLO LACIO, CORTO Y DE COLOR NEGRO.<\/strong><\/p>\n<p>&nbsp;<\/p>\n","protected":false},"featured_media":18088,"template":"","categories":[],"tags":[],"ficha_genero":[],"ficha_fiscalia":[],"ficha_estatus":[],"class_list":["post-17448","desaparecidas","type-desaparecidas","status-publish","has-post-thumbnail","hentry","tipo-dnol-dnol"],"acf":[],"mb":[],"mfb_rest_fields":["title","gutenberg_elementor_mode"],"_links":{"self":[{"href":"https:\/\/portal.fgeo.gob.mx\/index.php\/wp-json\/wp\/v2\/desaparecidas\/17448","targetHints":{"allow":["GET"]}}],"collection":[{"href":"https:\/\/portal.fgeo.gob.mx\/index.php\/wp-json\/wp\/v2\/desaparecidas"}],"about":[{"href":"https:\/\/portal.fgeo.gob.mx\/index.php\/wp-json\/wp\/v2\/types\/desaparecidas"}],"wp:featuredmedia":[{"embeddable":true,"href":"https:\/\/portal.fgeo.gob.mx\/index.php\/wp-json\/wp\/v2\/media\/18088"}],"wp:attachment":[{"href":"https:\/\/portal.fgeo.gob.mx\/index.php\/wp-json\/wp\/v2\/media?parent=17448"}],"wp:term":[{"taxonomy":"category","embeddable":true,"href":"https:\/\/portal.fgeo.gob.mx\/index.php\/wp-json\/wp\/v2\/categories?post=17448"},{"taxonomy":"post_tag","embeddable":true,"href":"https:\/\/portal.fgeo.gob.mx\/index.php\/wp-json\/wp\/v2\/tags?post=17448"},{"taxonomy":"ficha_genero","embeddable":true,"href":"https:\/\/portal.fgeo.gob.mx\/index.php\/wp-json\/wp\/v2\/ficha_genero?post=17448"},{"taxonomy":"ficha_fiscalia","embeddable":true,"href":"https:\/\/portal.fgeo.gob.mx\/index.php\/wp-json\/wp\/v2\/ficha_fiscalia?post=17448"},{"taxonomy":"ficha_estatus","embeddable":true,"href":"https:\/\/portal.fgeo.gob.mx\/index.php\/wp-json\/wp\/v2\/ficha_estatus?post=17448"}],"curies":[{"name":"wp","href":"https:\/\/api.w.org\/{rel}","templated":true}]}}

JESÚS ALEJANDRO GONZÁLEZ GÓMEZ

<p><strong>NOMBRE: JESÚS ALEJANDRO GONZÁLEZ GÓMEZ.</strong></p>
<p><strong>EDAD: 36 AÑOS</strong></p>
<p><strong>FUE VISTO POR ÚLTIMA VEZ: EL DÍA 24 DE ENERO DE 2022, EN LA COLONIA ADOLFO LÓPEZ MATEOS, OAXACA DE JUÁREZ, OAXACA. </strong></p>
<p><strong>SEÑAS PARTICULARES: TIENE UN LUNAR EN LA PARTE FRONTAL DEL CUELLO; AUSENCIA DE UN DIENTE INCISIVO SUPERIOR Y PEQUEÑA MANCHA COLOR CAFÉ UBICADA EN LA CEJA IZQUIERDA, CERCA DEL SIEN.</strong></p>
<p><strong>ROPA QUE VISTE: SUDADERA COLOR NEGRA, CON GORRO, MARCA ADIDAS; PLAYERA COLOR AZUL OPACO MARCA POLO, LA CUAL TIENE UNA LETRA “C” DE COLOR BLANCO EN UNA DE SUS MANGAS; BERMUDA COLOR BEIGE CON BOLSAS A LOS COSTADOS Y TENIS COLOR AZUL MARINO Y GORRA DE COLOR NEGRA CON GRIS</strong></p>
<p><strong>MEDIA FILIACIÓN: COMPLEXIÓN ROBUSTA, ESTATURA APROXIMADA 1.58 METROS, TEZ MORENA CLARA, CARA OVALADA, FRENTE AMPLIA, CEJAS SEMIPOBLADAS, OJOS GRANDES, DE IRIS COLOR CAFÉ OSCURO, NARIZ GRANDE, DE BASE AMPLIA, BOCA GRANDE, LABIOS SEMIGRUESOS, MENTÓN OVALADO Y CABELLO LACIO, CORTO Y DE COLOR NEGRO.</strong></p>
<p>&nbsp;</p>
