{"id":17445,"date":"2021-03-29T20:12:49","date_gmt":"2021-03-30T02:12:49","guid":{"rendered":"http:\/\/fge.oaxaca.gob.mx\/?post_type=desaparecidas&#038;p=3280"},"modified":"2026-04-16T13:19:19","modified_gmt":"2026-04-16T19:19:19","slug":"claudia-uruchurtu-cruz","status":"publish","type":"desaparecidas","link":"https:\/\/portal.fgeo.gob.mx\/index.php\/archivos\/personas-desaparecidas\/claudia-uruchurtu-cruz","title":{"rendered":"CLAUDIA URUCHURTU CRUZ"},"content":{"rendered":"<p><strong>EDAD: 48 A\u00d1OS. <\/strong><\/p>\n<p><strong>FUE VISTA POR \u00daLTIMA VEZ: EL D\u00cdA 26 DE MARZO DE 2021, EN ASUNCI\u00d3N NOCHIXTL\u00c1N, OAXACA.<\/strong><\/p>\n<p><strong>ROPA QUE VEST\u00cdA: PLAYERA COLOR BLANCO, DE MANGA CORTA Y CUELLO REDONDO, CHAMARRA DE MEZCLILLA COLOR AZUL OSCURO, PANTAL\u00d3N DE MEZCLILLA AZUL, CALZA TENIS, PORTA UNA GORRA DE TELA COLOR NEGRO Y CUBRE BOCAS DE TELA COLOR AZUL.<\/strong><\/p>\n<p><strong>SE\u00d1A PARTICULAR: CICATRIZ EN EL ESTOMAGO POR CIRUG\u00cdA.<\/strong><\/p>\n<p><strong>MEDIA FILIACI\u00d3N: COMPLEXI\u00d3N DELGADA, ESTATURA APROXIMADA 1.60 METROS, TEZ MORENA CLARA, CARA REDONDA, FRENTE AMPLIA, OJOS MEDIANOS, IRIS COLOR CAF\u00c9 OSCURO, CEJAS ESCASAS Y DEPILADAS, NARIZ MEDIANA, BASE ANCHA, BOCA MEDIANA, LABIOS DELGADOS, MENT\u00d3N REDONDO, CABELLO ONDULADO, COLOR CASTA\u00d1O, CORTO.<\/strong><\/p>\n","protected":false},"featured_media":17716,"template":"","categories":[],"tags":[37],"ficha_genero":[],"ficha_fiscalia":[],"ficha_estatus":[],"class_list":["post-17445","desaparecidas","type-desaparecidas","status-publish","has-post-thumbnail","hentry","tag-mujer","tipo-dnol-dnol"],"acf":[],"mb":[],"mfb_rest_fields":["title","gutenberg_elementor_mode"],"_links":{"self":[{"href":"https:\/\/portal.fgeo.gob.mx\/index.php\/wp-json\/wp\/v2\/desaparecidas\/17445","targetHints":{"allow":["GET"]}}],"collection":[{"href":"https:\/\/portal.fgeo.gob.mx\/index.php\/wp-json\/wp\/v2\/desaparecidas"}],"about":[{"href":"https:\/\/portal.fgeo.gob.mx\/index.php\/wp-json\/wp\/v2\/types\/desaparecidas"}],"wp:featuredmedia":[{"embeddable":true,"href":"https:\/\/portal.fgeo.gob.mx\/index.php\/wp-json\/wp\/v2\/media\/17716"}],"wp:attachment":[{"href":"https:\/\/portal.fgeo.gob.mx\/index.php\/wp-json\/wp\/v2\/media?parent=17445"}],"wp:term":[{"taxonomy":"category","embeddable":true,"href":"https:\/\/portal.fgeo.gob.mx\/index.php\/wp-json\/wp\/v2\/categories?post=17445"},{"taxonomy":"post_tag","embeddable":true,"href":"https:\/\/portal.fgeo.gob.mx\/index.php\/wp-json\/wp\/v2\/tags?post=17445"},{"taxonomy":"ficha_genero","embeddable":true,"href":"https:\/\/portal.fgeo.gob.mx\/index.php\/wp-json\/wp\/v2\/ficha_genero?post=17445"},{"taxonomy":"ficha_fiscalia","embeddable":true,"href":"https:\/\/portal.fgeo.gob.mx\/index.php\/wp-json\/wp\/v2\/ficha_fiscalia?post=17445"},{"taxonomy":"ficha_estatus","embeddable":true,"href":"https:\/\/portal.fgeo.gob.mx\/index.php\/wp-json\/wp\/v2\/ficha_estatus?post=17445"}],"curies":[{"name":"wp","href":"https:\/\/api.w.org\/{rel}","templated":true}]}}

<p><strong>EDAD: 48 AÑOS. </strong></p>
<p><strong>FUE VISTA POR ÚLTIMA VEZ: EL DÍA 26 DE MARZO DE 2021, EN ASUNCIÓN NOCHIXTLÁN, OAXACA.</strong></p>
<p><strong>ROPA QUE VESTÍA: PLAYERA COLOR BLANCO, DE MANGA CORTA Y CUELLO REDONDO, CHAMARRA DE MEZCLILLA COLOR AZUL OSCURO, PANTALÓN DE MEZCLILLA AZUL, CALZA TENIS, PORTA UNA GORRA DE TELA COLOR NEGRO Y CUBRE BOCAS DE TELA COLOR AZUL.</strong></p>
<p><strong>SEÑA PARTICULAR: CICATRIZ EN EL ESTOMAGO POR CIRUGÍA.</strong></p>
<p><strong>MEDIA FILIACIÓN: COMPLEXIÓN DELGADA, ESTATURA APROXIMADA 1.60 METROS, TEZ MORENA CLARA, CARA REDONDA, FRENTE AMPLIA, OJOS MEDIANOS, IRIS COLOR CAFÉ OSCURO, CEJAS ESCASAS Y DEPILADAS, NARIZ MEDIANA, BASE ANCHA, BOCA MEDIANA, LABIOS DELGADOS, MENTÓN REDONDO, CABELLO ONDULADO, COLOR CASTAÑO, CORTO.</strong></p>
