{"id":17436,"date":"2019-05-02T14:43:26","date_gmt":"2019-05-02T19:43:26","guid":{"rendered":"http:\/\/fge.oaxaca.gob.mx\/?post_type=desaparecidas&#038;p=1577"},"modified":"2025-10-15T14:53:07","modified_gmt":"2025-10-15T20:53:07","slug":"pablo-oscar-lopez-sosa","status":"publish","type":"desaparecidas","link":"https:\/\/portal.fgeo.gob.mx\/index.php\/archivos\/personas-desaparecidas\/pablo-oscar-lopez-sosa","title":{"rendered":"PABLO OSCAR L\u00d3PEZ SOSA"},"content":{"rendered":"<p><strong><span style=\"font-family: 'Georgia','serif'; color: #333333;\">NOMBRE: PABLO OSCAR L\u00d3PEZ SOSA.<\/span><\/strong><\/p>\n<p style=\"text-align: start;\"><strong><span style=\"font-family: 'Georgia','serif'; color: #333333;\">EDAD: 43 A\u00d1OS.<\/span><\/strong><\/p>\n<p style=\"text-align: start;\"><strong><span style=\"font-family: 'Georgia','serif'; color: #333333;\">FUE VISTO POR \u00daLTIMA VEZ: EL D\u00cdA 12 DE ABRIL DE 2019, EN SAN PABLO HUITZO, ETLA, OAXACA.<\/span><\/strong><\/p>\n<p style=\"text-align: start;\"><strong><span style=\"font-family: 'Georgia','serif'; color: #333333;\">SE\u00d1AS PARTICULARES: TIENE UNA CICATRIZ DE 02 CENT\u00cdMETROS EN EL LADO IZQUIERDO DE LA FRENTE Y OTRA CICATRIZ DE 07 CENT\u00cdMETROS A LA ALTURA DE LA COSTILLA DERECHA.<\/span><\/strong><\/p>\n<p style=\"text-align: start;\"><strong><span style=\"font-family: 'Georgia','serif'; color: #333333;\">ROPA QUE VISTE: PLAYERA MANGA CORTA COLOR GRIS, PANTAL\u00d3N DE MEZCLILLA COLOR AZUL Y CALZA BOTAS TIPO INDUSTRIAL COLOR AMARILLO.<\/span><\/strong><\/p>\n<p style=\"text-align: start;\"><strong><span style=\"font-family: 'Georgia','serif'; color: #333333;\">MEDIA FILIACI\u00d3N: COMPLEXI\u00d3N DELGADA, ESTATURA APROXIMADA 1.55 METROS, TEZ MORENA CLARA (TIPO API\u00d1ONADO), CARA OVALADA, FRENTE AMPLIA, CEJAS POBLADAS, OJOS MEDIANOS, NARIZ TIPO AGUILE\u00d1A, LABIOS DELGADOS, MENT\u00d3N OVALADO, CABELLO LACIO, CORTO, CON CORTE TIPO CASQUETE CORTO Y DE COLOR NEGRO.<\/span><\/strong><\/p>\n<p><img fetchpriority=\"high\" decoding=\"async\" class=\"alignnone size-medium wp-image-18359\" src=\"https:\/\/portal.fgeo.gob.mx\/minio\/pagina\/wp-content\/uploads\/2019\/05\/Pablo-Oscar-Lopez-Sosa-273x300.jpg\" alt=\"\" width=\"273\" height=\"300\" srcset=\"https:\/\/portal.fgeo.gob.mx\/minio\/pagina\/wp-content\/uploads\/2019\/05\/Pablo-Oscar-Lopez-Sosa-273x300.jpg 273w, https:\/\/portal.fgeo.gob.mx\/minio\/pagina\/wp-content\/uploads\/2019\/05\/Pablo-Oscar-Lopez-Sosa.jpg 371w\" sizes=\"(max-width: 273px) 100vw, 273px\" \/><\/p>\n<p>&nbsp;<\/p>\n<p>&nbsp;<\/p>\n","protected":false},"featured_media":18359,"template":"","categories":[],"tags":[],"ficha_genero":[],"ficha_fiscalia":[],"ficha_estatus":[],"class_list":["post-17436","desaparecidas","type-desaparecidas","status-publish","has-post-thumbnail","hentry","tipo-dnol-dnol"],"acf":[],"mb":[],"mfb_rest_fields":["title","gutenberg_elementor_mode"],"_links":{"self":[{"href":"https:\/\/portal.fgeo.gob.mx\/index.php\/wp-json\/wp\/v2\/desaparecidas\/17436","targetHints":{"allow":["GET"]}}],"collection":[{"href":"https:\/\/portal.fgeo.gob.mx\/index.php\/wp-json\/wp\/v2\/desaparecidas"}],"about":[{"href":"https:\/\/portal.fgeo.gob.mx\/index.php\/wp-json\/wp\/v2\/types\/desaparecidas"}],"wp:featuredmedia":[{"embeddable":true,"href":"https:\/\/portal.fgeo.gob.mx\/index.php\/wp-json\/wp\/v2\/media\/18359"}],"wp:attachment":[{"href":"https:\/\/portal.fgeo.gob.mx\/index.php\/wp-json\/wp\/v2\/media?parent=17436"}],"wp:term":[{"taxonomy":"category","embeddable":true,"href":"https:\/\/portal.fgeo.gob.mx\/index.php\/wp-json\/wp\/v2\/categories?post=17436"},{"taxonomy":"post_tag","embeddable":true,"href":"https:\/\/portal.fgeo.gob.mx\/index.php\/wp-json\/wp\/v2\/tags?post=17436"},{"taxonomy":"ficha_genero","embeddable":true,"href":"https:\/\/portal.fgeo.gob.mx\/index.php\/wp-json\/wp\/v2\/ficha_genero?post=17436"},{"taxonomy":"ficha_fiscalia","embeddable":true,"href":"https:\/\/portal.fgeo.gob.mx\/index.php\/wp-json\/wp\/v2\/ficha_fiscalia?post=17436"},{"taxonomy":"ficha_estatus","embeddable":true,"href":"https:\/\/portal.fgeo.gob.mx\/index.php\/wp-json\/wp\/v2\/ficha_estatus?post=17436"}],"curies":[{"name":"wp","href":"https:\/\/api.w.org\/{rel}","templated":true}]}}

PABLO OSCAR LÓPEZ SOSA

<p><strong><span style="font-family: 'Georgia','serif'; color: #333333;">NOMBRE: PABLO OSCAR LÓPEZ SOSA.</span></strong></p>
<p style="text-align: start;"><strong><span style="font-family: 'Georgia','serif'; color: #333333;">EDAD: 43 AÑOS.</span></strong></p>
<p style="text-align: start;"><strong><span style="font-family: 'Georgia','serif'; color: #333333;">FUE VISTO POR ÚLTIMA VEZ: EL DÍA 12 DE ABRIL DE 2019, EN SAN PABLO HUITZO, ETLA, OAXACA.</span></strong></p>
<p style="text-align: start;"><strong><span style="font-family: 'Georgia','serif'; color: #333333;">SEÑAS PARTICULARES: TIENE UNA CICATRIZ DE 02 CENTÍMETROS EN EL LADO IZQUIERDO DE LA FRENTE Y OTRA CICATRIZ DE 07 CENTÍMETROS A LA ALTURA DE LA COSTILLA DERECHA.</span></strong></p>
<p style="text-align: start;"><strong><span style="font-family: 'Georgia','serif'; color: #333333;">ROPA QUE VISTE: PLAYERA MANGA CORTA COLOR GRIS, PANTALÓN DE MEZCLILLA COLOR AZUL Y CALZA BOTAS TIPO INDUSTRIAL COLOR AMARILLO.</span></strong></p>
<p style="text-align: start;"><strong><span style="font-family: 'Georgia','serif'; color: #333333;">MEDIA FILIACIÓN: COMPLEXIÓN DELGADA, ESTATURA APROXIMADA 1.55 METROS, TEZ MORENA CLARA (TIPO APIÑONADO), CARA OVALADA, FRENTE AMPLIA, CEJAS POBLADAS, OJOS MEDIANOS, NARIZ TIPO AGUILEÑA, LABIOS DELGADOS, MENTÓN OVALADO, CABELLO LACIO, CORTO, CON CORTE TIPO CASQUETE CORTO Y DE COLOR NEGRO.</span></strong></p>
<p><img fetchpriority="high" decoding="async" class="alignnone size-medium wp-image-18359" src="https://portal.fgeo.gob.mx/minio/pagina/wp-content/uploads/2019/05/Pablo-Oscar-Lopez-Sosa-273x300.jpg" alt="" width="273" height="300" srcset="https://portal.fgeo.gob.mx/minio/pagina/wp-content/uploads/2019/05/Pablo-Oscar-Lopez-Sosa-273x300.jpg 273w, https://portal.fgeo.gob.mx/minio/pagina/wp-content/uploads/2019/05/Pablo-Oscar-Lopez-Sosa.jpg 371w" sizes="(max-width: 273px) 100vw, 273px" /></p>
<p>&nbsp;</p>
<p>&nbsp;</p>
