{"id":17433,"date":"2019-04-16T13:45:14","date_gmt":"2019-04-16T18:45:14","guid":{"rendered":"http:\/\/fge.oaxaca.gob.mx\/?post_type=desaparecidas&#038;p=1526"},"modified":"2025-10-16T14:07:12","modified_gmt":"2025-10-16T20:07:12","slug":"ricardo-hernandez-hernandez","status":"publish","type":"desaparecidas","link":"https:\/\/portal.fgeo.gob.mx\/index.php\/archivos\/personas-desaparecidas\/ricardo-hernandez-hernandez","title":{"rendered":"RICARDO HERN\u00c1NDEZ HERN\u00c1NDEZ"},"content":{"rendered":"<p><strong>NOMBRE:<\/strong> <strong>RICARDO HERN\u00c1NDEZ HERN\u00c1NDEZ<\/strong><strong>.<\/strong><\/p>\n<p><strong>FUE VISTO POR \u00daLTIMA VEZ: EL D\u00cdA 17 DE JULIO DE 2017, EN EL PARAJE MANGO MANZANO, EN SAN SEBASTI\u00c1N NOPALERA, PUTLA VILLA GUERRERO, OAXACA.<\/strong><\/p>\n<p><strong>SE\u00d1AS PARTICULARES: USA BARBA Y BIGOTE.<\/strong><\/p>\n<p><strong>MEDIA FILIACI\u00d3N: COMPLEXI\u00d3N MEDIA, ESTATURA APROXIMADA 1.55 METROS, TEZ MORENA, CARA CUADRADA, FRENTE REGULAR, CEJAS POBLADAS, OJOS MEDIANOS, DE IRIS COLOR CAF\u00c9 OSCURO, NARIZ MEDIANA, DE BASE ANCHA, BOCA MEDIANA, LABIOS GRUESOS, MENT\u00d3N CUADRADO Y CABELLO CORTO, LACIO Y DE COLOR NEGRO<\/strong><strong>.<\/strong><\/p>\n<p><img fetchpriority=\"high\" decoding=\"async\" class=\"alignnone size-medium wp-image-18382\" src=\"https:\/\/portal.fgeo.gob.mx\/minio\/pagina\/wp-content\/uploads\/2019\/04\/RICARDO-HERNANDEZ-HERNANDEZ-214x300.jpg\" alt=\"\" width=\"214\" height=\"300\" srcset=\"https:\/\/portal.fgeo.gob.mx\/minio\/pagina\/wp-content\/uploads\/2019\/04\/RICARDO-HERNANDEZ-HERNANDEZ-214x300.jpg 214w, https:\/\/portal.fgeo.gob.mx\/minio\/pagina\/wp-content\/uploads\/2019\/04\/RICARDO-HERNANDEZ-HERNANDEZ-732x1024.jpg 732w, https:\/\/portal.fgeo.gob.mx\/minio\/pagina\/wp-content\/uploads\/2019\/04\/RICARDO-HERNANDEZ-HERNANDEZ-768x1074.jpg 768w, https:\/\/portal.fgeo.gob.mx\/minio\/pagina\/wp-content\/uploads\/2019\/04\/RICARDO-HERNANDEZ-HERNANDEZ.jpg 863w\" sizes=\"(max-width: 214px) 100vw, 214px\" \/><\/p>\n","protected":false},"featured_media":18382,"template":"","categories":[],"tags":[],"ficha_genero":[],"ficha_fiscalia":[],"ficha_estatus":[],"class_list":["post-17433","desaparecidas","type-desaparecidas","status-publish","has-post-thumbnail","hentry","tipo-dnol-dnol"],"acf":[],"mb":[],"mfb_rest_fields":["title","gutenberg_elementor_mode"],"_links":{"self":[{"href":"https:\/\/portal.fgeo.gob.mx\/index.php\/wp-json\/wp\/v2\/desaparecidas\/17433","targetHints":{"allow":["GET"]}}],"collection":[{"href":"https:\/\/portal.fgeo.gob.mx\/index.php\/wp-json\/wp\/v2\/desaparecidas"}],"about":[{"href":"https:\/\/portal.fgeo.gob.mx\/index.php\/wp-json\/wp\/v2\/types\/desaparecidas"}],"wp:featuredmedia":[{"embeddable":true,"href":"https:\/\/portal.fgeo.gob.mx\/index.php\/wp-json\/wp\/v2\/media\/18382"}],"wp:attachment":[{"href":"https:\/\/portal.fgeo.gob.mx\/index.php\/wp-json\/wp\/v2\/media?parent=17433"}],"wp:term":[{"taxonomy":"category","embeddable":true,"href":"https:\/\/portal.fgeo.gob.mx\/index.php\/wp-json\/wp\/v2\/categories?post=17433"},{"taxonomy":"post_tag","embeddable":true,"href":"https:\/\/portal.fgeo.gob.mx\/index.php\/wp-json\/wp\/v2\/tags?post=17433"},{"taxonomy":"ficha_genero","embeddable":true,"href":"https:\/\/portal.fgeo.gob.mx\/index.php\/wp-json\/wp\/v2\/ficha_genero?post=17433"},{"taxonomy":"ficha_fiscalia","embeddable":true,"href":"https:\/\/portal.fgeo.gob.mx\/index.php\/wp-json\/wp\/v2\/ficha_fiscalia?post=17433"},{"taxonomy":"ficha_estatus","embeddable":true,"href":"https:\/\/portal.fgeo.gob.mx\/index.php\/wp-json\/wp\/v2\/ficha_estatus?post=17433"}],"curies":[{"name":"wp","href":"https:\/\/api.w.org\/{rel}","templated":true}]}}

RICARDO HERNÁNDEZ HERNÁNDEZ

<p><strong>NOMBRE:</strong> <strong>RICARDO HERNÁNDEZ HERNÁNDEZ</strong><strong>.</strong></p>
<p><strong>FUE VISTO POR ÚLTIMA VEZ: EL DÍA 17 DE JULIO DE 2017, EN EL PARAJE MANGO MANZANO, EN SAN SEBASTIÁN NOPALERA, PUTLA VILLA GUERRERO, OAXACA.</strong></p>
<p><strong>SEÑAS PARTICULARES: USA BARBA Y BIGOTE.</strong></p>
<p><strong>MEDIA FILIACIÓN: COMPLEXIÓN MEDIA, ESTATURA APROXIMADA 1.55 METROS, TEZ MORENA, CARA CUADRADA, FRENTE REGULAR, CEJAS POBLADAS, OJOS MEDIANOS, DE IRIS COLOR CAFÉ OSCURO, NARIZ MEDIANA, DE BASE ANCHA, BOCA MEDIANA, LABIOS GRUESOS, MENTÓN CUADRADO Y CABELLO CORTO, LACIO Y DE COLOR NEGRO</strong><strong>.</strong></p>
<p><img fetchpriority="high" decoding="async" class="alignnone size-medium wp-image-18382" src="https://portal.fgeo.gob.mx/minio/pagina/wp-content/uploads/2019/04/RICARDO-HERNANDEZ-HERNANDEZ-214x300.jpg" alt="" width="214" height="300" srcset="https://portal.fgeo.gob.mx/minio/pagina/wp-content/uploads/2019/04/RICARDO-HERNANDEZ-HERNANDEZ-214x300.jpg 214w, https://portal.fgeo.gob.mx/minio/pagina/wp-content/uploads/2019/04/RICARDO-HERNANDEZ-HERNANDEZ-732x1024.jpg 732w, https://portal.fgeo.gob.mx/minio/pagina/wp-content/uploads/2019/04/RICARDO-HERNANDEZ-HERNANDEZ-768x1074.jpg 768w, https://portal.fgeo.gob.mx/minio/pagina/wp-content/uploads/2019/04/RICARDO-HERNANDEZ-HERNANDEZ.jpg 863w" sizes="(max-width: 214px) 100vw, 214px" /></p>
