{"id":17406,"date":"2018-05-17T12:07:31","date_gmt":"2018-05-17T17:07:31","guid":{"rendered":"http:\/\/fge.oaxaca.gob.mx\/?post_type=desaparecidas&#038;p=1188"},"modified":"2025-10-16T14:29:46","modified_gmt":"2025-10-16T20:29:46","slug":"ernesto-sernas-garcia","status":"publish","type":"desaparecidas","link":"https:\/\/portal.fgeo.gob.mx\/index.php\/archivos\/personas-desaparecidas\/ernesto-sernas-garcia","title":{"rendered":"ERNESTO SERNAS GARC\u00cdA."},"content":{"rendered":"<p><strong>NOMBRE:<\/strong> <strong>ERNESTO SERNAS GARC\u00cdA. <\/strong><\/p>\n<p><strong>EDAD: 57 A\u00d1OS. <\/strong><\/p>\n<p><strong>FUE VISTO POR \u00daLTIMA VEZ: EL D\u00cdA 10 DE MAYO DE 2018, EN SAN AGUST\u00cdN DE LAS JUNTAS, OAXACA.<\/strong><\/p>\n<p><strong>ROPA QUE VISTE:<\/strong> <strong>CAMISA MANGA LARGA DE COLOR AZUL CON CUADROS EN COLOR BLANCO, SACO COLOR NEGRO, PANTAL\u00d3N DE MEZCLILLA COLOR AZUL CIELO, CINTUR\u00d3N COLOR NEGRO CON HEBILLA PLATEADA, CALZA BOTAS DE VESTIR COLOR NEGRO, LLEVA CONSIGO UNOS LENTES SOLARES Y OTROS CON GRADUACI\u00d3N. <\/strong><\/p>\n<p><strong>SE\u00d1AS PARTICULARES: TIENE LUNAR EN EL MENT\u00d3N; UNA CICATRIZ DE APROXIMADAMENTE 10 CENT\u00cdMETROS, EN LA PIERNA IZQUIERDA; PRESENTA PA\u00d1O EN LOS P\u00d3MULOS; TIENE CICATRICES EN LOS NUDILLOS; TIENE CORONAS EN SU TERCER MOLAR EN LADO DERECHO SUPERIOR Y EN SU TERCER MOLAR EN EL LADO IZQUIERDO INFERIOR.<\/strong><\/p>\n<p><strong>MEDIA FILIACI\u00d3N: COMPLEXI\u00d3N ROBUSTA, TEZ MORENO, ESTATURA APROXIMADA 1.60 METROS, CARA REDONDA, FRENTE AMPLIA, CEJAS POBLADAS, OJOS MEDIANOS, DE IRIS DE COLOR CAF\u00c9 OSCURO, NARIZ GRANDE, DE BASE CHATA, BOCA GRANDE, LABIOS GRUESOS, MENT\u00d3N REDONDO, CABELLO TIPO ONDULADO, TE\u00d1IDO DE COLOR NEGRO, CORTO Y CON CALVICIE EN LA PARTE FRONTAL.<\/strong><\/p>\n<p><img fetchpriority=\"high\" decoding=\"async\" class=\"alignnone size-medium wp-image-18410\" src=\"https:\/\/portal.fgeo.gob.mx\/minio\/pagina\/wp-content\/uploads\/2018\/05\/ERNESTO-SERNAS-GARCIA-300x247.jpg\" alt=\"\" width=\"300\" height=\"247\" srcset=\"https:\/\/portal.fgeo.gob.mx\/minio\/pagina\/wp-content\/uploads\/2018\/05\/ERNESTO-SERNAS-GARCIA-300x247.jpg 300w, https:\/\/portal.fgeo.gob.mx\/minio\/pagina\/wp-content\/uploads\/2018\/05\/ERNESTO-SERNAS-GARCIA-768x632.jpg 768w, https:\/\/portal.fgeo.gob.mx\/minio\/pagina\/wp-content\/uploads\/2018\/05\/ERNESTO-SERNAS-GARCIA.jpg 959w\" sizes=\"(max-width: 300px) 100vw, 300px\" \/><\/p>\n","protected":false},"featured_media":18410,"template":"","categories":[],"tags":[],"ficha_genero":[],"ficha_fiscalia":[],"ficha_estatus":[],"class_list":["post-17406","desaparecidas","type-desaparecidas","status-publish","has-post-thumbnail","hentry","tipo-dnol-dnol"],"acf":[],"mb":[],"mfb_rest_fields":["title","gutenberg_elementor_mode"],"_links":{"self":[{"href":"https:\/\/portal.fgeo.gob.mx\/index.php\/wp-json\/wp\/v2\/desaparecidas\/17406","targetHints":{"allow":["GET"]}}],"collection":[{"href":"https:\/\/portal.fgeo.gob.mx\/index.php\/wp-json\/wp\/v2\/desaparecidas"}],"about":[{"href":"https:\/\/portal.fgeo.gob.mx\/index.php\/wp-json\/wp\/v2\/types\/desaparecidas"}],"wp:featuredmedia":[{"embeddable":true,"href":"https:\/\/portal.fgeo.gob.mx\/index.php\/wp-json\/wp\/v2\/media\/18410"}],"wp:attachment":[{"href":"https:\/\/portal.fgeo.gob.mx\/index.php\/wp-json\/wp\/v2\/media?parent=17406"}],"wp:term":[{"taxonomy":"category","embeddable":true,"href":"https:\/\/portal.fgeo.gob.mx\/index.php\/wp-json\/wp\/v2\/categories?post=17406"},{"taxonomy":"post_tag","embeddable":true,"href":"https:\/\/portal.fgeo.gob.mx\/index.php\/wp-json\/wp\/v2\/tags?post=17406"},{"taxonomy":"ficha_genero","embeddable":true,"href":"https:\/\/portal.fgeo.gob.mx\/index.php\/wp-json\/wp\/v2\/ficha_genero?post=17406"},{"taxonomy":"ficha_fiscalia","embeddable":true,"href":"https:\/\/portal.fgeo.gob.mx\/index.php\/wp-json\/wp\/v2\/ficha_fiscalia?post=17406"},{"taxonomy":"ficha_estatus","embeddable":true,"href":"https:\/\/portal.fgeo.gob.mx\/index.php\/wp-json\/wp\/v2\/ficha_estatus?post=17406"}],"curies":[{"name":"wp","href":"https:\/\/api.w.org\/{rel}","templated":true}]}}

ERNESTO SERNAS GARCÍA.

<p><strong>NOMBRE:</strong> <strong>ERNESTO SERNAS GARCÍA. </strong></p>
<p><strong>EDAD: 57 AÑOS. </strong></p>
<p><strong>FUE VISTO POR ÚLTIMA VEZ: EL DÍA 10 DE MAYO DE 2018, EN SAN AGUSTÍN DE LAS JUNTAS, OAXACA.</strong></p>
<p><strong>ROPA QUE VISTE:</strong> <strong>CAMISA MANGA LARGA DE COLOR AZUL CON CUADROS EN COLOR BLANCO, SACO COLOR NEGRO, PANTALÓN DE MEZCLILLA COLOR AZUL CIELO, CINTURÓN COLOR NEGRO CON HEBILLA PLATEADA, CALZA BOTAS DE VESTIR COLOR NEGRO, LLEVA CONSIGO UNOS LENTES SOLARES Y OTROS CON GRADUACIÓN. </strong></p>
<p><strong>SEÑAS PARTICULARES: TIENE LUNAR EN EL MENTÓN; UNA CICATRIZ DE APROXIMADAMENTE 10 CENTÍMETROS, EN LA PIERNA IZQUIERDA; PRESENTA PAÑO EN LOS PÓMULOS; TIENE CICATRICES EN LOS NUDILLOS; TIENE CORONAS EN SU TERCER MOLAR EN LADO DERECHO SUPERIOR Y EN SU TERCER MOLAR EN EL LADO IZQUIERDO INFERIOR.</strong></p>
<p><strong>MEDIA FILIACIÓN: COMPLEXIÓN ROBUSTA, TEZ MORENO, ESTATURA APROXIMADA 1.60 METROS, CARA REDONDA, FRENTE AMPLIA, CEJAS POBLADAS, OJOS MEDIANOS, DE IRIS DE COLOR CAFÉ OSCURO, NARIZ GRANDE, DE BASE CHATA, BOCA GRANDE, LABIOS GRUESOS, MENTÓN REDONDO, CABELLO TIPO ONDULADO, TEÑIDO DE COLOR NEGRO, CORTO Y CON CALVICIE EN LA PARTE FRONTAL.</strong></p>
<p><img fetchpriority="high" decoding="async" class="alignnone size-medium wp-image-18410" src="https://portal.fgeo.gob.mx/minio/pagina/wp-content/uploads/2018/05/ERNESTO-SERNAS-GARCIA-300x247.jpg" alt="" width="300" height="247" srcset="https://portal.fgeo.gob.mx/minio/pagina/wp-content/uploads/2018/05/ERNESTO-SERNAS-GARCIA-300x247.jpg 300w, https://portal.fgeo.gob.mx/minio/pagina/wp-content/uploads/2018/05/ERNESTO-SERNAS-GARCIA-768x632.jpg 768w, https://portal.fgeo.gob.mx/minio/pagina/wp-content/uploads/2018/05/ERNESTO-SERNAS-GARCIA.jpg 959w" sizes="(max-width: 300px) 100vw, 300px" /></p>
