{"id":17383,"date":"2018-01-30T14:09:29","date_gmt":"2018-01-30T19:09:29","guid":{"rendered":"http:\/\/fge.oaxaca.gob.mx\/?post_type=desaparecidas&#038;p=983"},"modified":"2025-10-16T15:46:05","modified_gmt":"2025-10-16T21:46:05","slug":"aldo-gonzalez-aguirre","status":"publish","type":"desaparecidas","link":"https:\/\/portal.fgeo.gob.mx\/index.php\/archivos\/personas-desaparecidas\/aldo-gonzalez-aguirre","title":{"rendered":"ALDO GONZ\u00c1LEZ AGUIRRE"},"content":{"rendered":"<p><strong>NOMBRE: <\/strong><strong>ALDO GONZ\u00c1LEZ AGUIRRE<\/strong><strong>.<\/strong><\/p>\n<p><strong>EDAD: 22 A\u00d1OS, AL MOMENTO DE LA AUSENCIA. <\/strong><\/p>\n<p><strong>FUE VISTO POR \u00daLTIMA VEZ: EL D\u00cdA 8 DE AGOSTO DEL 2013, EN EL FRACCIONAMIENTO EL RETIRO, SANTA MAR\u00cdA EL TULE, OAXACA.<\/strong><\/p>\n<p><strong>SE\u00d1AS PARTICULARES: TIENE ACN\u00c9 EN EL ROSTRO Y LUNAR COLOR CAF\u00c9 UBICADO EN EL LADO DERECHO DEL ABDOMEN.<\/strong><\/p>\n<p><strong>MEDIA FILIACI\u00d3N: COMPLEXI\u00d3N DELGADA, ESTATURA APROXIMADA 1.65 METROS, TEZ MORENA CLARA, CARA OVALADA, FRENTE MEDIANA, CEJAS SEMIPOBLADAS, OJOS GRANDES DE IRIS COLOR CAF\u00c9 CLARO, NARIZ MEDIANA Y AFILADA, BOCA GRANDE, LABIOS GRUESOS, MENT\u00d3N CUADRADO, Y CABELLO CORTO, CHINO, Y DE COLOR NEGRO.<\/strong><\/p>\n<p><img fetchpriority=\"high\" decoding=\"async\" class=\"alignnone size-medium wp-image-18435\" src=\"https:\/\/portal.fgeo.gob.mx\/minio\/pagina\/wp-content\/uploads\/2018\/01\/Aldo-Gonzalez-Aguirre-256x300.jpg\" alt=\"\" width=\"256\" height=\"300\" srcset=\"https:\/\/portal.fgeo.gob.mx\/minio\/pagina\/wp-content\/uploads\/2018\/01\/Aldo-Gonzalez-Aguirre-256x300.jpg 256w, https:\/\/portal.fgeo.gob.mx\/minio\/pagina\/wp-content\/uploads\/2018\/01\/Aldo-Gonzalez-Aguirre-872x1024.jpg 872w, https:\/\/portal.fgeo.gob.mx\/minio\/pagina\/wp-content\/uploads\/2018\/01\/Aldo-Gonzalez-Aguirre-768x901.jpg 768w, https:\/\/portal.fgeo.gob.mx\/minio\/pagina\/wp-content\/uploads\/2018\/01\/Aldo-Gonzalez-Aguirre.jpg 1082w\" sizes=\"(max-width: 256px) 100vw, 256px\" \/><\/p>\n","protected":false},"featured_media":18435,"template":"","categories":[],"tags":[],"ficha_genero":[],"ficha_fiscalia":[],"ficha_estatus":[],"class_list":["post-17383","desaparecidas","type-desaparecidas","status-publish","has-post-thumbnail","hentry","tipo-dnol-dnol"],"acf":[],"mb":[],"mfb_rest_fields":["title","gutenberg_elementor_mode"],"_links":{"self":[{"href":"https:\/\/portal.fgeo.gob.mx\/index.php\/wp-json\/wp\/v2\/desaparecidas\/17383","targetHints":{"allow":["GET"]}}],"collection":[{"href":"https:\/\/portal.fgeo.gob.mx\/index.php\/wp-json\/wp\/v2\/desaparecidas"}],"about":[{"href":"https:\/\/portal.fgeo.gob.mx\/index.php\/wp-json\/wp\/v2\/types\/desaparecidas"}],"wp:featuredmedia":[{"embeddable":true,"href":"https:\/\/portal.fgeo.gob.mx\/index.php\/wp-json\/wp\/v2\/media\/18435"}],"wp:attachment":[{"href":"https:\/\/portal.fgeo.gob.mx\/index.php\/wp-json\/wp\/v2\/media?parent=17383"}],"wp:term":[{"taxonomy":"category","embeddable":true,"href":"https:\/\/portal.fgeo.gob.mx\/index.php\/wp-json\/wp\/v2\/categories?post=17383"},{"taxonomy":"post_tag","embeddable":true,"href":"https:\/\/portal.fgeo.gob.mx\/index.php\/wp-json\/wp\/v2\/tags?post=17383"},{"taxonomy":"ficha_genero","embeddable":true,"href":"https:\/\/portal.fgeo.gob.mx\/index.php\/wp-json\/wp\/v2\/ficha_genero?post=17383"},{"taxonomy":"ficha_fiscalia","embeddable":true,"href":"https:\/\/portal.fgeo.gob.mx\/index.php\/wp-json\/wp\/v2\/ficha_fiscalia?post=17383"},{"taxonomy":"ficha_estatus","embeddable":true,"href":"https:\/\/portal.fgeo.gob.mx\/index.php\/wp-json\/wp\/v2\/ficha_estatus?post=17383"}],"curies":[{"name":"wp","href":"https:\/\/api.w.org\/{rel}","templated":true}]}}

ALDO GONZÁLEZ AGUIRRE

<p><strong>NOMBRE: </strong><strong>ALDO GONZÁLEZ AGUIRRE</strong><strong>.</strong></p>
<p><strong>EDAD: 22 AÑOS, AL MOMENTO DE LA AUSENCIA. </strong></p>
<p><strong>FUE VISTO POR ÚLTIMA VEZ: EL DÍA 8 DE AGOSTO DEL 2013, EN EL FRACCIONAMIENTO EL RETIRO, SANTA MARÍA EL TULE, OAXACA.</strong></p>
<p><strong>SEÑAS PARTICULARES: TIENE ACNÉ EN EL ROSTRO Y LUNAR COLOR CAFÉ UBICADO EN EL LADO DERECHO DEL ABDOMEN.</strong></p>
<p><strong>MEDIA FILIACIÓN: COMPLEXIÓN DELGADA, ESTATURA APROXIMADA 1.65 METROS, TEZ MORENA CLARA, CARA OVALADA, FRENTE MEDIANA, CEJAS SEMIPOBLADAS, OJOS GRANDES DE IRIS COLOR CAFÉ CLARO, NARIZ MEDIANA Y AFILADA, BOCA GRANDE, LABIOS GRUESOS, MENTÓN CUADRADO, Y CABELLO CORTO, CHINO, Y DE COLOR NEGRO.</strong></p>
<p><img fetchpriority="high" decoding="async" class="alignnone size-medium wp-image-18435" src="https://portal.fgeo.gob.mx/minio/pagina/wp-content/uploads/2018/01/Aldo-Gonzalez-Aguirre-256x300.jpg" alt="" width="256" height="300" srcset="https://portal.fgeo.gob.mx/minio/pagina/wp-content/uploads/2018/01/Aldo-Gonzalez-Aguirre-256x300.jpg 256w, https://portal.fgeo.gob.mx/minio/pagina/wp-content/uploads/2018/01/Aldo-Gonzalez-Aguirre-872x1024.jpg 872w, https://portal.fgeo.gob.mx/minio/pagina/wp-content/uploads/2018/01/Aldo-Gonzalez-Aguirre-768x901.jpg 768w, https://portal.fgeo.gob.mx/minio/pagina/wp-content/uploads/2018/01/Aldo-Gonzalez-Aguirre.jpg 1082w" sizes="(max-width: 256px) 100vw, 256px" /></p>
